Last updated on 2024-04-21 13:55:47 CEST.
Flavor | Version | Tinstall | Tcheck | Ttotal | Status | Flags |
---|---|---|---|---|---|---|
r-devel-linux-x86_64-debian-clang | 0.5.1 | 44.21 | 59.59 | 103.80 | OK | |
r-devel-linux-x86_64-debian-gcc | 0.5.1 | 34.81 | 46.64 | 81.45 | OK | |
r-devel-linux-x86_64-fedora-clang | 0.5.1 | 146.73 | OK | |||
r-devel-linux-x86_64-fedora-gcc | 0.5.1 | 160.60 | OK | |||
r-prerel-macos-arm64 | 0.5.1 | 42.00 | NOTE | |||
r-prerel-windows-x86_64 | 0.5.1 | 37.00 | 93.00 | 130.00 | OK | |
r-patched-linux-x86_64 | 0.5.1 | 38.85 | 57.61 | 96.46 | OK | |
r-release-linux-x86_64 | 0.5.1 | 50.21 | 57.75 | 107.96 | OK | |
r-release-macos-arm64 | 0.5.1 | 49.00 | NOTE | |||
r-release-macos-x86_64 | 0.5.1 | 138.00 | NOTE | |||
r-release-windows-x86_64 | 0.5.1 | 41.00 | 100.00 | 141.00 | OK | |
r-oldrel-macos-arm64 | 0.5.1 | 42.00 | NOTE | |||
r-oldrel-windows-x86_64 | 0.5.1 | 44.00 | 100.00 | 144.00 | OK |
Version: 0.5.1
Check: installed package size
Result: NOTE
installed size is 5.1Mb
sub-directories of 1Mb or more:
doc 1.2Mb
libs 3.3Mb
Flavors: r-prerel-macos-arm64, r-release-macos-arm64, r-release-macos-x86_64, r-oldrel-macos-arm64