Last updated on 2024-04-17 13:57:45 CEST.
Flavor | Version | Tinstall | Tcheck | Ttotal | Status | Flags |
---|---|---|---|---|---|---|
r-devel-linux-x86_64-debian-clang | 0.1.2 | 2.02 | 21.87 | 23.89 | NOTE | |
r-devel-linux-x86_64-debian-gcc | 0.1.2 | 1.64 | 17.07 | 18.71 | NOTE | |
r-devel-linux-x86_64-fedora-clang | 0.1.2 | 30.42 | NOTE | |||
r-devel-linux-x86_64-fedora-gcc | 0.1.2 | 28.76 | NOTE | |||
r-prerel-macos-arm64 | 0.1.2 | 14.00 | NOTE | |||
r-prerel-windows-x86_64 | 0.1.2 | 3.00 | 38.00 | 41.00 | NOTE | |
r-patched-linux-x86_64 | 0.1.2 | 1.75 | 21.60 | 23.35 | NOTE | |
r-release-linux-x86_64 | 0.1.2 | 1.73 | 21.06 | 22.79 | NOTE | |
r-release-macos-arm64 | 0.1.2 | 16.00 | NOTE | |||
r-release-macos-x86_64 | 0.1.2 | 19.00 | NOTE | |||
r-release-windows-x86_64 | 0.1.2 | 3.00 | 32.00 | 35.00 | NOTE | |
r-oldrel-macos-arm64 | 0.1.2 | 16.00 | NOTE | |||
r-oldrel-windows-x86_64 | 0.1.2 | 3.00 | 42.00 | 45.00 | NOTE |
Version: 0.1.2
Check: LazyData
Result: NOTE
'LazyData' is specified without a 'data' directory
Flavors: r-devel-linux-x86_64-debian-clang, r-devel-linux-x86_64-debian-gcc, r-devel-linux-x86_64-fedora-clang, r-devel-linux-x86_64-fedora-gcc, r-prerel-macos-arm64, r-prerel-windows-x86_64, r-patched-linux-x86_64, r-release-linux-x86_64, r-release-macos-arm64, r-release-macos-x86_64, r-release-windows-x86_64, r-oldrel-macos-arm64, r-oldrel-windows-x86_64