CRAN Package Check Results for Package splitstackshape

Last updated on 2025-01-19 05:49:22 CET.

Flavor Version Tinstall Tcheck Ttotal Status Flags
r-devel-linux-x86_64-debian-clang 1.4.8 2.92 29.87 32.79 NOTE
r-devel-linux-x86_64-debian-gcc 1.4.8 2.02 23.26 25.28 NOTE
r-devel-linux-x86_64-fedora-clang 1.4.8 51.01 NOTE
r-devel-linux-x86_64-fedora-gcc 1.4.8 48.89 NOTE
r-devel-windows-x86_64 1.4.8 3.00 52.00 55.00 NOTE
r-patched-linux-x86_64 1.4.8 3.00 27.41 30.41 NOTE
r-release-linux-x86_64 1.4.8 2.64 27.19 29.83 NOTE
r-release-macos-arm64 1.4.8 18.00 NOTE
r-release-macos-x86_64 1.4.8 32.00 NOTE
r-release-windows-x86_64 1.4.8 3.00 51.00 54.00 NOTE
r-oldrel-macos-arm64 1.4.8 19.00 NOTE
r-oldrel-macos-x86_64 1.4.8 29.00 NOTE
r-oldrel-windows-x86_64 1.4.8 4.00 57.00 61.00 NOTE

Check Details

Version: 1.4.8
Check: package subdirectories
Result: NOTE Problems with news in ‘NEWS.md’: Cannot extract version info from the following section titles: Feature Changes Flavors: r-devel-linux-x86_64-debian-clang, r-devel-linux-x86_64-debian-gcc, r-devel-linux-x86_64-fedora-clang, r-devel-linux-x86_64-fedora-gcc, r-devel-windows-x86_64, r-patched-linux-x86_64, r-release-linux-x86_64, r-release-macos-arm64, r-release-macos-x86_64, r-release-windows-x86_64, r-oldrel-macos-arm64, r-oldrel-macos-x86_64, r-oldrel-windows-x86_64