CRAN Package Check Results for Package spongecake

Last updated on 2025-01-19 05:49:22 CET.

Flavor Version Tinstall Tcheck Ttotal Status Flags
r-devel-linux-x86_64-debian-clang 0.1.2 4.92 38.83 43.75 OK
r-devel-linux-x86_64-debian-gcc 0.1.2 3.38 29.19 32.57 OK
r-devel-linux-x86_64-fedora-clang 0.1.2 70.06 OK
r-devel-linux-x86_64-fedora-gcc 0.1.2 65.78 OK
r-devel-windows-x86_64 0.1.2 7.00 57.00 64.00 OK
r-patched-linux-x86_64 0.1.2 4.18 36.15 40.33 NOTE
r-release-linux-x86_64 0.1.2 3.93 36.20 40.13 NOTE
r-release-macos-arm64 0.1.2 23.00 NOTE
r-release-macos-x86_64 0.1.2 45.00 NOTE
r-release-windows-x86_64 0.1.2 9.00 68.00 77.00 NOTE
r-oldrel-macos-arm64 0.1.2 26.00 NOTE
r-oldrel-macos-x86_64 0.1.2 36.00 NOTE
r-oldrel-windows-x86_64 0.1.2 8.00 64.00 72.00 NOTE

Check Details

Version: 0.1.2
Check: LazyData
Result: NOTE 'LazyData' is specified without a 'data' directory Flavors: r-patched-linux-x86_64, r-release-linux-x86_64, r-release-macos-arm64, r-release-macos-x86_64, r-release-windows-x86_64, r-oldrel-macos-arm64, r-oldrel-macos-x86_64, r-oldrel-windows-x86_64