CRAN Package Check Results for Package spotidy

Last updated on 2025-01-19 05:49:22 CET.

Flavor Version Tinstall Tcheck Ttotal Status Flags
r-devel-linux-x86_64-debian-clang 0.1.0 3.97 35.36 39.33 OK
r-devel-linux-x86_64-debian-gcc 0.1.0 2.53 26.24 28.77 OK
r-devel-linux-x86_64-fedora-clang 0.1.0 63.27 OK
r-devel-linux-x86_64-fedora-gcc 0.1.0 74.59 OK
r-devel-windows-x86_64 0.1.0 7.00 57.00 64.00 OK
r-patched-linux-x86_64 0.1.0 4.04 32.88 36.92 NOTE
r-release-linux-x86_64 0.1.0 2.82 32.89 35.71 NOTE
r-release-macos-arm64 0.1.0 28.00 NOTE
r-release-macos-x86_64 0.1.0 44.00 NOTE
r-release-windows-x86_64 0.1.0 8.00 60.00 68.00 NOTE
r-oldrel-macos-arm64 0.1.0 29.00 NOTE
r-oldrel-macos-x86_64 0.1.0 43.00 NOTE
r-oldrel-windows-x86_64 0.1.0 8.00 60.00 68.00 NOTE

Check Details

Version: 0.1.0
Check: LazyData
Result: NOTE 'LazyData' is specified without a 'data' directory Flavors: r-patched-linux-x86_64, r-release-linux-x86_64, r-release-macos-arm64, r-release-macos-x86_64, r-release-windows-x86_64, r-oldrel-macos-arm64, r-oldrel-macos-x86_64, r-oldrel-windows-x86_64