Last updated on 2024-05-01 16:53:12 CEST.
Flavor | Version | Tinstall | Tcheck | Ttotal | Status | Flags |
---|---|---|---|---|---|---|
r-devel-linux-x86_64-debian-clang | 0.1.4 | 5.07 | 96.08 | 101.15 | OK | |
r-devel-linux-x86_64-debian-gcc | 0.1.4 | 3.31 | 70.49 | 73.80 | OK | |
r-devel-linux-x86_64-fedora-clang | 0.1.4 | 122.35 | NOTE | |||
r-devel-linux-x86_64-fedora-gcc | 0.1.4 | 130.94 | NOTE | |||
r-devel-windows-x86_64 | 0.1.4 | 6.00 | 92.00 | 98.00 | OK | |
r-patched-linux-x86_64 | 0.1.4 | 3.21 | 89.36 | 92.57 | OK | |
r-release-linux-x86_64 | 0.1.4 | 2.57 | 90.83 | 93.40 | OK | |
r-release-macos-arm64 | 0.1.4 | 40.00 | OK | |||
r-release-windows-x86_64 | 0.1.4 | 6.00 | 103.00 | 109.00 | OK | |
r-oldrel-macos-arm64 | 0.1.4 | 43.00 | OK | |||
r-oldrel-macos-x86_64 | 0.1.4 | 90.00 | OK | |||
r-oldrel-windows-x86_64 | 0.1.4 | 8.00 | 110.00 | 118.00 | OK |
Version: 0.1.4
Check: dependencies in R code
Result: NOTE
Namespace in Imports field not imported from: ‘utils’
All declared Imports should be used.
Flavors: r-devel-linux-x86_64-fedora-clang, r-devel-linux-x86_64-fedora-gcc