CRAN Package Check Results for Package spread

Last updated on 2019-10-13 12:46:26 CEST.

Flavor Version Tinstall Tcheck Ttotal Status Flags
r-devel-linux-x86_64-debian-clang 2019.8.5 20.59 56.28 76.87 OK
r-devel-linux-x86_64-debian-gcc 2019.8.5 16.22 41.44 57.66 OK
r-devel-linux-x86_64-fedora-clang 2019.8.5 100.48 NOTE
r-devel-linux-x86_64-fedora-gcc 2019.8.5 88.27 NOTE
r-devel-windows-ix86+x86_64 2019.8.5 39.00 136.00 175.00 OK
r-patched-linux-x86_64 2019.8.5 16.64 51.18 67.82 OK
r-patched-solaris-x86 2019.8.5 123.30 NOTE
r-release-linux-x86_64 2019.8.5 16.65 50.86 67.51 OK
r-release-windows-ix86+x86_64 2019.8.5 62.00 89.00 151.00 OK
r-release-osx-x86_64 2019.8.5 NOTE
r-oldrel-windows-ix86+x86_64 2019.8.5 41.00 81.00 122.00 OK
r-oldrel-osx-x86_64 2019.8.5 NOTE

Check Details

Version: 2019.8.5
Check: dependencies in R code
Result: NOTE
    Namespace in Imports field not imported from: ‘RcppProgress’
     All declared Imports should be used.
Flavors: r-devel-linux-x86_64-fedora-clang, r-devel-linux-x86_64-fedora-gcc, r-patched-solaris-x86, r-release-osx-x86_64, r-oldrel-osx-x86_64