Last updated on 2024-04-21 13:55:47 CEST.
Flavor | Version | Tinstall | Tcheck | Ttotal | Status | Flags |
---|---|---|---|---|---|---|
r-devel-linux-x86_64-debian-clang | 0.9.0 | 32.44 | 85.19 | 117.63 | NOTE | |
r-devel-linux-x86_64-debian-gcc | 0.9.0 | 27.91 | 63.26 | 91.17 | NOTE | |
r-devel-linux-x86_64-fedora-clang | 0.9.0 | 162.65 | NOTE | |||
r-devel-linux-x86_64-fedora-gcc | 0.9.0 | 166.15 | NOTE | |||
r-prerel-macos-arm64 | 0.9.0 | 49.00 | NOTE | |||
r-prerel-windows-x86_64 | 0.9.0 | 29.00 | 92.00 | 121.00 | NOTE | |
r-patched-linux-x86_64 | 0.9.0 | 37.61 | 79.74 | 117.35 | NOTE | |
r-release-linux-x86_64 | 0.9.0 | 33.14 | 82.69 | 115.83 | NOTE | |
r-release-macos-arm64 | 0.9.0 | 53.00 | NOTE | |||
r-release-macos-x86_64 | 0.9.0 | 87.00 | NOTE | |||
r-release-windows-x86_64 | 0.9.0 | 39.00 | 118.00 | 157.00 | NOTE | |
r-oldrel-macos-arm64 | 0.9.0 | 46.00 | OK | |||
r-oldrel-windows-x86_64 | 0.9.0 | 38.00 | 117.00 | 155.00 | OK |
Version: 0.9.0
Check: C++ specification
Result: NOTE
Specified C++11: please drop specification unless essential
Flavors: r-devel-linux-x86_64-debian-clang, r-devel-linux-x86_64-debian-gcc, r-devel-linux-x86_64-fedora-clang, r-devel-linux-x86_64-fedora-gcc, r-prerel-macos-arm64, r-prerel-windows-x86_64, r-patched-linux-x86_64, r-release-linux-x86_64, r-release-macos-arm64, r-release-macos-x86_64, r-release-windows-x86_64