CRAN Package Check Results for Package spsComps

Last updated on 2025-01-19 05:49:22 CET.

Flavor Version Tinstall Tcheck Ttotal Status Flags
r-devel-linux-x86_64-debian-clang 0.3.3.0 6.89 43.62 50.51 NOTE
r-devel-linux-x86_64-debian-gcc 0.3.3.0 4.59 32.33 36.92 NOTE
r-devel-linux-x86_64-fedora-clang 0.3.3.0 79.76 OK
r-devel-linux-x86_64-fedora-gcc 0.3.3.0 77.17 OK
r-devel-windows-x86_64 0.3.3.0 7.00 66.00 73.00 NOTE
r-patched-linux-x86_64 0.3.3.0 10.82 41.54 52.36 OK
r-release-linux-x86_64 0.3.3.0 5.08 41.61 46.69 OK
r-release-macos-arm64 0.3.3.0 27.00 OK
r-release-macos-x86_64 0.3.3.0 37.00 OK
r-release-windows-x86_64 0.3.3.0 7.00 70.00 77.00 OK
r-oldrel-macos-arm64 0.3.3.0 26.00 OK
r-oldrel-macos-x86_64 0.3.3.0 45.00 OK
r-oldrel-windows-x86_64 0.3.3.0 9.00 79.00 88.00 OK

Check Details

Version: 0.3.3.0
Check: Rd cross-references
Result: NOTE Found the following Rd file(s) with Rd \link{} targets missing package anchors: onNextInput.Rd: observeEvent Please provide package anchors for all Rd \link{} targets not in the package itself and the base packages. Flavors: r-devel-linux-x86_64-debian-clang, r-devel-linux-x86_64-debian-gcc, r-devel-windows-x86_64