Last updated on 2025-01-19 05:49:22 CET.
Flavor | Version | Tinstall | Tcheck | Ttotal | Status | Flags |
---|---|---|---|---|---|---|
r-devel-linux-x86_64-debian-clang | 5.5.1 | 32.00 | 340.86 | 372.86 | OK | |
r-devel-linux-x86_64-debian-gcc | 5.5.1 | 20.01 | 227.96 | 247.97 | OK | |
r-devel-linux-x86_64-fedora-clang | 5.5.1 | 611.15 | OK | |||
r-devel-linux-x86_64-fedora-gcc | 5.5.1 | 605.26 | OK | |||
r-devel-windows-x86_64 | 5.5.1 | 35.00 | 291.00 | 326.00 | OK | |
r-patched-linux-x86_64 | 5.5.1 | 28.05 | 322.52 | 350.57 | OK | |
r-release-linux-x86_64 | 5.5.1 | 27.65 | 326.53 | 354.18 | OK | |
r-release-macos-arm64 | 5.5.1 | 136.00 | NOTE | |||
r-release-macos-x86_64 | 5.5.1 | 230.00 | NOTE | |||
r-release-windows-x86_64 | 5.5.1 | 36.00 | 283.00 | 319.00 | NOTE | |
r-oldrel-macos-arm64 | 5.5.1 | 139.00 | NOTE | |||
r-oldrel-macos-x86_64 | 5.5.1 | 370.00 | NOTE | |||
r-oldrel-windows-x86_64 | 5.5.1 | 36.00 | 376.00 | 412.00 | NOTE |
Version: 5.5.1
Check: installed package size
Result: NOTE
installed size is 7.1Mb
sub-directories of 1Mb or more:
doc 5.5Mb
Flavors: r-release-macos-arm64, r-release-macos-x86_64, r-release-windows-x86_64, r-oldrel-macos-arm64, r-oldrel-macos-x86_64, r-oldrel-windows-x86_64