CRAN Package Check Results for Package spup

Last updated on 2020-10-24 12:49:34 CEST.

Flavor Version Tinstall Tcheck Ttotal Status Flags
r-devel-linux-x86_64-debian-clang 1.3-2 12.30 177.16 189.46 OK
r-devel-linux-x86_64-debian-gcc 1.3-2 10.06 129.65 139.71 OK
r-devel-linux-x86_64-fedora-clang 1.3-2 233.57 NOTE
r-devel-linux-x86_64-fedora-gcc 1.3-2 230.87 NOTE
r-devel-windows-ix86+x86_64 1.3-2 26.00 207.00 233.00 OK
r-patched-linux-x86_64 1.3-2 12.00 166.15 178.15 OK
r-patched-solaris-x86 1.3-2 324.50 NOTE
r-release-linux-x86_64 1.3-2 12.27 165.16 177.43 OK
r-release-macos-x86_64 1.3-2 NOTE
r-release-windows-ix86+x86_64 1.3-2 20.00 161.00 181.00 OK
r-oldrel-macos-x86_64 1.3-2 NOTE
r-oldrel-windows-ix86+x86_64 1.3-2 22.00 161.00 183.00 OK

Check Details

Version: 1.3-2
Check: dependencies in R code
Result: NOTE
    Namespace in Imports field not imported from: ‘sp’
     All declared Imports should be used.
Flavors: r-devel-linux-x86_64-fedora-clang, r-devel-linux-x86_64-fedora-gcc, r-patched-solaris-x86, r-release-macos-x86_64, r-oldrel-macos-x86_64