Last updated on 2024-04-17 13:57:45 CEST.
Flavor | Version | Tinstall | Tcheck | Ttotal | Status | Flags |
---|---|---|---|---|---|---|
r-devel-linux-x86_64-debian-clang | 1.0.3 | 20.20 | 186.43 | 206.63 | OK | |
r-devel-linux-x86_64-debian-gcc | 1.0.3 | 16.08 | 133.62 | 149.70 | OK | |
r-devel-linux-x86_64-fedora-clang | 1.0.3 | 255.00 | NOTE | |||
r-devel-linux-x86_64-fedora-gcc | 1.0.3 | 251.10 | OK | |||
r-prerel-macos-arm64 | 1.0.3 | 76.00 | OK | |||
r-prerel-windows-x86_64 | 1.0.3 | 17.00 | 155.00 | 172.00 | OK | |
r-patched-linux-x86_64 | 1.0.3 | 21.38 | 171.48 | 192.86 | OK | |
r-release-linux-x86_64 | 1.0.3 | 18.18 | 177.05 | 195.23 | OK | |
r-release-macos-arm64 | 1.0.3 | 85.00 | OK | |||
r-release-macos-x86_64 | 1.0.3 | 126.00 | OK | |||
r-release-windows-x86_64 | 1.0.3 | 24.00 | 195.00 | 219.00 | OK | |
r-oldrel-macos-arm64 | 1.0.3 | 77.00 | OK | |||
r-oldrel-windows-x86_64 | 1.0.3 | 24.00 | 182.00 | 206.00 | OK |
Version: 1.0.3
Check: Rd cross-references
Result: NOTE
Undeclared package ‘plyr’ in Rd xrefs
Flavor: r-devel-linux-x86_64-fedora-clang