Last updated on 2025-01-19 05:49:22 CET.
Flavor | Version | Tinstall | Tcheck | Ttotal | Status | Flags |
---|---|---|---|---|---|---|
r-devel-linux-x86_64-debian-clang | 2.2.0 | 91.38 | 362.38 | 453.76 | OK | |
r-devel-linux-x86_64-debian-gcc | 2.2.0 | 80.63 | 255.27 | 335.90 | OK | |
r-devel-linux-x86_64-fedora-clang | 2.2.0 | 426.80 | OK | |||
r-devel-linux-x86_64-fedora-gcc | 2.2.0 | 455.60 | OK | |||
r-devel-windows-x86_64 | 2.2.0 | 92.00 | 364.00 | 456.00 | OK | |
r-patched-linux-x86_64 | 2.2.0 | 107.41 | 342.16 | 449.57 | OK | |
r-release-linux-x86_64 | 2.2.0 | 108.32 | 340.60 | 448.92 | OK | |
r-release-macos-arm64 | 2.2.0 | 223.00 | NOTE | |||
r-release-macos-x86_64 | 2.2.0 | 314.00 | NOTE | |||
r-release-windows-x86_64 | 2.2.0 | 90.00 | 361.00 | 451.00 | NOTE | |
r-oldrel-macos-arm64 | 2.2.0 | 231.00 | NOTE | |||
r-oldrel-macos-x86_64 | 2.2.0 | 484.00 | NOTE | |||
r-oldrel-windows-x86_64 | 2.2.0 | 86.00 | 385.00 | 471.00 | NOTE |
Version: 2.2.0
Check: installed package size
Result: NOTE
installed size is 41.3Mb
sub-directories of 1Mb or more:
libs 40.2Mb
Flavors: r-release-macos-arm64, r-release-macos-x86_64, r-release-windows-x86_64, r-oldrel-macos-arm64, r-oldrel-macos-x86_64, r-oldrel-windows-x86_64