Last updated on 2025-01-19 05:49:22 CET.
Flavor | Version | Tinstall | Tcheck | Ttotal | Status | Flags |
---|---|---|---|---|---|---|
r-devel-linux-x86_64-debian-clang | 1.2.2 | 10.72 | 102.33 | 113.05 | NOTE | |
r-devel-linux-x86_64-debian-gcc | 1.2.2 | 6.87 | 77.75 | 84.62 | NOTE | |
r-devel-linux-x86_64-fedora-clang | 1.2.2 | 178.54 | OK | |||
r-devel-linux-x86_64-fedora-gcc | 1.2.2 | 182.02 | OK | |||
r-devel-windows-x86_64 | 1.2.2 | 13.00 | 122.00 | 135.00 | NOTE | |
r-patched-linux-x86_64 | 1.2.2 | 15.95 | 97.52 | 113.47 | OK | |
r-release-linux-x86_64 | 1.2.2 | 10.20 | 96.30 | 106.50 | OK | |
r-release-macos-arm64 | 1.2.2 | 58.00 | OK | |||
r-release-macos-x86_64 | 1.2.2 | 90.00 | OK | |||
r-release-windows-x86_64 | 1.2.2 | 13.00 | 128.00 | 141.00 | OK | |
r-oldrel-macos-arm64 | 1.2.2 | 70.00 | OK | |||
r-oldrel-macos-x86_64 | 1.2.2 | 145.00 | OK | |||
r-oldrel-windows-x86_64 | 1.2.2 | 14.00 | 142.00 | 156.00 | OK |
Version: 1.2.2
Check: Rd cross-references
Result: NOTE
Found the following Rd file(s) with Rd \link{} targets missing package
anchors:
plot_moran.Rd: nb2listw
ssfa.Rd: nb2listw, maxNR
Please provide package anchors for all Rd \link{} targets not in the
package itself and the base packages.
Flavors: r-devel-linux-x86_64-debian-clang, r-devel-linux-x86_64-debian-gcc, r-devel-windows-x86_64