CRAN Package Check Results for Package ssr

Last updated on 2019-10-14 12:48:09 CEST.

Flavor Version Tinstall Tcheck Ttotal Status Flags
r-devel-linux-x86_64-debian-clang 0.1.1 2.61 71.34 73.95 OK
r-devel-linux-x86_64-debian-gcc 0.1.1 2.22 53.08 55.30 OK
r-devel-linux-x86_64-fedora-clang 0.1.1 91.70 NOTE
r-devel-linux-x86_64-fedora-gcc 0.1.1 84.86 NOTE
r-devel-windows-ix86+x86_64 0.1.1 7.00 117.00 124.00 OK
r-patched-linux-x86_64 0.1.1 2.27 69.32 71.59 OK
r-patched-solaris-x86 0.1.1 112.20 NOTE
r-release-linux-x86_64 0.1.1 2.23 71.65 73.88 OK
r-release-windows-ix86+x86_64 0.1.1 13.00 77.00 90.00 OK
r-release-osx-x86_64 0.1.1 NOTE
r-oldrel-osx-x86_64 0.1.1 ERROR

Check Details

Version: 0.1.1
Check: dependencies in R code
Result: NOTE
    Namespace in Imports field not imported from: ‘e1071’
     All declared Imports should be used.
Flavors: r-devel-linux-x86_64-fedora-clang, r-devel-linux-x86_64-fedora-gcc, r-patched-solaris-x86, r-release-osx-x86_64

Version: 0.1.1
Check: whether package can be installed
Result: ERROR
    Installation failed.
Flavor: r-oldrel-osx-x86_64