CRAN Package Check Results for Package ssrm.logmer

Last updated on 2025-01-19 05:49:22 CET.

Flavor Version Tinstall Tcheck Ttotal Status Flags
r-devel-linux-x86_64-debian-clang 0.1 2.11 18.28 20.39 OK
r-devel-linux-x86_64-debian-gcc 0.1 1.61 14.72 16.33 OK
r-devel-linux-x86_64-fedora-clang 0.1 32.87 OK
r-devel-linux-x86_64-fedora-gcc 0.1 32.47 OK
r-devel-windows-x86_64 0.1 4.00 46.00 50.00 OK
r-patched-linux-x86_64 0.1 2.02 17.57 19.59 NOTE
r-release-linux-x86_64 0.1 1.88 17.46 19.34 NOTE
r-release-macos-arm64 0.1 15.00 NOTE
r-release-macos-x86_64 0.1 21.00 NOTE
r-release-windows-x86_64 0.1 3.00 49.00 52.00 NOTE
r-oldrel-macos-arm64 0.1 15.00 NOTE
r-oldrel-macos-x86_64 0.1 21.00 NOTE
r-oldrel-windows-x86_64 0.1 3.00 45.00 48.00 NOTE

Check Details

Version: 0.1
Check: LazyData
Result: NOTE 'LazyData' is specified without a 'data' directory Flavors: r-patched-linux-x86_64, r-release-linux-x86_64, r-release-macos-arm64, r-release-macos-x86_64, r-release-windows-x86_64, r-oldrel-macos-arm64, r-oldrel-macos-x86_64, r-oldrel-windows-x86_64