Last updated on 2025-01-19 05:49:22 CET.
Flavor | Version | Tinstall | Tcheck | Ttotal | Status | Flags |
---|---|---|---|---|---|---|
r-devel-linux-x86_64-debian-clang | 1.1.2 | 95.50 | 133.05 | 228.55 | OK | |
r-devel-linux-x86_64-debian-gcc | 1.1.2 | 62.45 | 84.81 | 147.26 | OK | |
r-devel-linux-x86_64-fedora-clang | 1.1.2 | 421.20 | OK | |||
r-devel-linux-x86_64-fedora-gcc | 1.1.2 | 412.42 | OK | |||
r-devel-windows-x86_64 | 1.1.2 | 97.00 | 188.00 | 285.00 | OK | |
r-patched-linux-x86_64 | 1.1.2 | 96.52 | 123.88 | 220.40 | OK | |
r-release-linux-x86_64 | 1.1.2 | 89.84 | 123.07 | 212.91 | OK | |
r-release-macos-arm64 | 1.1.2 | 96.00 | NOTE | |||
r-release-macos-x86_64 | 1.1.2 | 238.00 | NOTE | |||
r-release-windows-x86_64 | 1.1.2 | 95.00 | 192.00 | 287.00 | OK | |
r-oldrel-macos-arm64 | 1.1.2 | 90.00 | NOTE | |||
r-oldrel-macos-x86_64 | 1.1.2 | 220.00 | NOTE | |||
r-oldrel-windows-x86_64 | 1.1.2 | 112.00 | 211.00 | 323.00 | OK |
Version: 1.1.2
Check: installed package size
Result: NOTE
installed size is 5.4Mb
sub-directories of 1Mb or more:
libs 3.4Mb
Flavors: r-release-macos-arm64, r-release-macos-x86_64, r-oldrel-macos-arm64, r-oldrel-macos-x86_64