Last updated on 2024-05-01 16:53:13 CEST.
Flavor | Version | Tinstall | Tcheck | Ttotal | Status | Flags |
---|---|---|---|---|---|---|
r-devel-linux-x86_64-debian-clang | 23.9.1 | 10.96 | 105.84 | 116.80 | OK | |
r-devel-linux-x86_64-debian-gcc | 23.9.1 | 7.69 | 77.83 | 85.52 | OK | |
r-devel-linux-x86_64-fedora-clang | 23.9.1 | 144.87 | NOTE | |||
r-devel-linux-x86_64-fedora-gcc | 23.9.1 | 157.81 | NOTE | |||
r-devel-windows-x86_64 | 23.9.1 | 10.00 | 100.00 | 110.00 | OK | |
r-patched-linux-x86_64 | 23.9.1 | 8.40 | 97.46 | 105.86 | OK | |
r-release-linux-x86_64 | 23.9.1 | 10.43 | 98.30 | 108.73 | OK | |
r-release-macos-arm64 | 23.9.1 | 43.00 | OK | |||
r-release-windows-x86_64 | 23.9.1 | 8.00 | 97.00 | 105.00 | OK | |
r-oldrel-macos-arm64 | 23.9.1 | 63.00 | OK | |||
r-oldrel-macos-x86_64 | 23.9.1 | 95.00 | OK | |||
r-oldrel-windows-x86_64 | 23.9.1 | 12.00 | 118.00 | 130.00 | OK |
Version: 23.9.1
Check: data for non-ASCII characters
Result: NOTE
Note: found 705 marked UTF-8 strings
Flavors: r-devel-linux-x86_64-fedora-clang, r-devel-linux-x86_64-fedora-gcc