CRAN Package Check Results for Package stablelearner

Last updated on 2020-08-09 12:48:42 CEST.

Flavor Version Tinstall Tcheck Ttotal Status Flags
r-devel-linux-x86_64-debian-clang 0.1-2 12.34 112.51 124.85 OK
r-devel-linux-x86_64-debian-gcc 0.1-2 9.99 82.85 92.84 OK
r-devel-linux-x86_64-fedora-clang 0.1-2 152.33 NOTE
r-devel-linux-x86_64-fedora-gcc 0.1-2 144.01 NOTE
r-devel-windows-ix86+x86_64 0.1-2 23.00 162.00 185.00 OK
r-patched-linux-x86_64 0.1-2 11.79 108.50 120.29 OK
r-patched-solaris-x86 0.1-2 208.60 NOTE
r-release-linux-x86_64 0.1-2 10.64 109.67 120.31 OK
r-release-macos-x86_64 0.1-2 NOTE
r-release-windows-ix86+x86_64 0.1-2 35.00 121.00 156.00 OK
r-oldrel-macos-x86_64 0.1-2 NOTE
r-oldrel-windows-ix86+x86_64 0.1-2 20.00 130.00 150.00 OK

Check Details

Version: 0.1-2
Check: data for non-ASCII characters
Result: NOTE
     Note: found 123 marked UTF-8 strings
Flavors: r-devel-linux-x86_64-fedora-clang, r-devel-linux-x86_64-fedora-gcc, r-patched-solaris-x86, r-release-macos-x86_64, r-oldrel-macos-x86_64