Last updated on 2025-01-19 05:49:22 CET.
Flavor | Version | Tinstall | Tcheck | Ttotal | Status | Flags |
---|---|---|---|---|---|---|
r-devel-linux-x86_64-debian-clang | 1.0.5 | 11.49 | 284.33 | 295.82 | OK | |
r-devel-linux-x86_64-debian-gcc | 1.0.5 | 8.13 | 190.65 | 198.78 | OK | |
r-devel-linux-x86_64-fedora-clang | 1.0.5 | 449.91 | OK | |||
r-devel-linux-x86_64-fedora-gcc | 1.0.5 | 470.67 | OK | |||
r-devel-windows-x86_64 | 1.0.5 | 12.00 | 275.00 | 287.00 | OK | |
r-patched-linux-x86_64 | 1.0.5 | 9.78 | 268.91 | 278.69 | NOTE | |
r-release-linux-x86_64 | 1.0.5 | 10.17 | 266.96 | 277.13 | NOTE | |
r-release-macos-arm64 | 1.0.5 | 155.00 | OK | |||
r-release-macos-x86_64 | 1.0.5 | 335.00 | OK | |||
r-release-windows-x86_64 | 1.0.5 | 12.00 | 267.00 | 279.00 | OK | |
r-oldrel-macos-arm64 | 1.0.5 | 384.00 | OK | |||
r-oldrel-macos-x86_64 | 1.0.5 | 465.00 | OK | |||
r-oldrel-windows-x86_64 | 1.0.5 | 17.00 | 336.00 | 353.00 | OK |
Version: 1.0.5
Check: package dependencies
Result: NOTE
Package suggested but not available for checking: ‘h2o’
Flavors: r-patched-linux-x86_64, r-release-linux-x86_64