Last updated on 2025-01-19 05:49:22 CET.
Flavor | Version | Tinstall | Tcheck | Ttotal | Status | Flags |
---|---|---|---|---|---|---|
r-devel-linux-x86_64-debian-clang | 0.0-10 | 141.57 | 83.52 | 225.09 | OK | |
r-devel-linux-x86_64-debian-gcc | 0.0-10 | 123.55 | 60.90 | 184.45 | OK | |
r-devel-linux-x86_64-fedora-clang | 0.0-10 | 367.39 | OK | |||
r-devel-linux-x86_64-fedora-gcc | 0.0-10 | 422.08 | OK | |||
r-devel-windows-x86_64 | 0.0-10 | 170.00 | 114.00 | 284.00 | OK | |
r-patched-linux-x86_64 | 0.0-10 | 157.37 | 78.52 | 235.89 | OK | |
r-release-linux-x86_64 | 0.0-10 | 158.34 | 77.92 | 236.26 | OK | |
r-release-macos-arm64 | 0.0-10 | 115.00 | NOTE | |||
r-release-macos-x86_64 | 0.0-10 | 259.00 | NOTE | |||
r-release-windows-x86_64 | 0.0-10 | 170.00 | 116.00 | 286.00 | OK | |
r-oldrel-macos-arm64 | 0.0-10 | 118.00 | NOTE | |||
r-oldrel-macos-x86_64 | 0.0-10 | 266.00 | NOTE | |||
r-oldrel-windows-x86_64 | 0.0-10 | 207.00 | 153.00 | 360.00 | OK |
Version: 0.0-10
Check: installed package size
Result: NOTE
installed size is 50.3Mb
sub-directories of 1Mb or more:
libs 50.0Mb
Flavors: r-release-macos-arm64, r-release-macos-x86_64, r-oldrel-macos-arm64, r-oldrel-macos-x86_64