CRAN Package Check Results for Package standardize

Last updated on 2025-01-19 05:49:22 CET.

Flavor Version Tinstall Tcheck Ttotal Status Flags
r-devel-linux-x86_64-debian-clang 0.2.2 10.46 90.90 101.36 NOTE
r-devel-linux-x86_64-debian-gcc 0.2.2 7.06 65.90 72.96 NOTE
r-devel-linux-x86_64-fedora-clang 0.2.2 161.80 NOTE
r-devel-linux-x86_64-fedora-gcc 0.2.2 164.24 NOTE
r-devel-windows-x86_64 0.2.2 9.00 100.00 109.00 NOTE
r-patched-linux-x86_64 0.2.2 9.26 84.58 93.84 NOTE
r-release-linux-x86_64 0.2.2 9.50 84.31 93.81 NOTE
r-release-macos-arm64 0.2.2 52.00 NOTE
r-release-macos-x86_64 0.2.2 89.00 NOTE
r-release-windows-x86_64 0.2.2 10.00 100.00 110.00 NOTE
r-oldrel-macos-arm64 0.2.2 56.00 OK
r-oldrel-macos-x86_64 0.2.2 88.00 OK
r-oldrel-windows-x86_64 0.2.2 13.00 121.00 134.00 OK

Check Details

Version: 0.2.2
Check: Rd files
Result: NOTE checkRd: (-1) standardize.Rd:94: Lost braces; missing escapes or markup? 94 | take on values {-0.5, 0, 0.5} rather than {-1, 0, 1}, the standard deviation | ^ checkRd: (-1) standardize.Rd:94: Lost braces; missing escapes or markup? 94 | take on values {-0.5, 0, 0.5} rather than {-1, 0, 1}, the standard deviation | ^ Flavors: r-devel-linux-x86_64-debian-clang, r-devel-linux-x86_64-debian-gcc, r-devel-linux-x86_64-fedora-clang, r-devel-linux-x86_64-fedora-gcc, r-devel-windows-x86_64, r-patched-linux-x86_64, r-release-linux-x86_64, r-release-macos-arm64, r-release-macos-x86_64, r-release-windows-x86_64