Last updated on 2024-04-21 13:55:47 CEST.
Flavor | Version | Tinstall | Tcheck | Ttotal | Status | Flags |
---|---|---|---|---|---|---|
r-devel-linux-x86_64-debian-clang | 1.3 | 54.92 | 67.08 | 122.00 | OK | |
r-devel-linux-x86_64-debian-gcc | 1.3 | 45.45 | 51.09 | 96.54 | OK | |
r-devel-linux-x86_64-fedora-clang | 1.3 | 172.39 | NOTE | |||
r-devel-linux-x86_64-fedora-gcc | 1.3 | 169.44 | NOTE | |||
r-prerel-macos-arm64 | 1.3 | 45.00 | OK | |||
r-prerel-windows-x86_64 | 1.3 | 46.00 | 88.00 | 134.00 | OK | |
r-patched-linux-x86_64 | 1.3 | 52.27 | 63.36 | 115.63 | OK | |
r-release-linux-x86_64 | 1.3 | 52.07 | 65.18 | 117.25 | OK | |
r-release-macos-arm64 | 1.3 | 50.00 | OK | |||
r-release-macos-x86_64 | 1.3 | 81.00 | OK | |||
r-release-windows-x86_64 | 1.3 | 59.00 | 106.00 | 165.00 | OK | |
r-oldrel-macos-arm64 | 1.3 | 49.00 | OK | |||
r-oldrel-windows-x86_64 | 1.3 | 55.00 | 108.00 | 163.00 | OK |
Version: 1.3
Check: compiled code
Result: NOTE
File ‘starma/libs/starma.so’:
Found no calls to: ‘R_registerRoutines’, ‘R_useDynamicSymbols’
It is good practice to register native routines and to disable symbol
search.
See ‘Writing portable packages’ in the ‘Writing R Extensions’ manual.
Flavors: r-devel-linux-x86_64-fedora-clang, r-devel-linux-x86_64-fedora-gcc