Last updated on 2025-01-19 05:49:22 CET.
Flavor | Version | Tinstall | Tcheck | Ttotal | Status | Flags |
---|---|---|---|---|---|---|
r-devel-linux-x86_64-debian-clang | 1.0.10 | 72.38 | 184.30 | 256.68 | NOTE | |
r-devel-linux-x86_64-debian-gcc | 1.0.10 | 52.12 | 126.13 | 178.25 | NOTE | |
r-devel-linux-x86_64-fedora-clang | 1.0.10 | 423.80 | NOTE | |||
r-devel-linux-x86_64-fedora-gcc | 1.0.10 | 471.81 | NOTE | |||
r-devel-windows-x86_64 | 1.0.10 | 78.00 | 197.00 | 275.00 | OK | |
r-patched-linux-x86_64 | 1.0.10 | 75.60 | 185.90 | 261.50 | OK | |
r-release-linux-x86_64 | 1.0.10 | 74.95 | 184.04 | 258.99 | OK | |
r-release-macos-arm64 | 1.0.10 | 256.00 | NOTE | |||
r-release-macos-x86_64 | 1.0.10 | 324.00 | NOTE | |||
r-release-windows-x86_64 | 1.0.10 | 77.00 | 196.00 | 273.00 | NOTE | |
r-oldrel-macos-arm64 | 1.0.10 | 449.00 | NOTE | |||
r-oldrel-macos-x86_64 | 1.0.10 | 313.00 | NOTE | |||
r-oldrel-windows-x86_64 | 1.0.10 | 84.00 | 255.00 | 339.00 | NOTE |
Version: 1.0.10
Check: top-level files
Result: NOTE
possible bashism in configure.ac line 31 (should be 'b = a'):
if test x"${RSysinfoName}" == x"Darwin"; then
possible bashism in configure.ac line 42 (should be 'b = a'):
if test x"${hasOpenMP}" == x""; then
Flavors: r-devel-linux-x86_64-debian-clang, r-devel-linux-x86_64-debian-gcc, r-devel-linux-x86_64-fedora-clang, r-devel-linux-x86_64-fedora-gcc
Version: 1.0.10
Check: installed package size
Result: NOTE
installed size is 8.9Mb
sub-directories of 1Mb or more:
data 2.7Mb
libs 5.1Mb
Flavors: r-release-macos-arm64, r-release-macos-x86_64, r-release-windows-x86_64, r-oldrel-macos-arm64, r-oldrel-macos-x86_64, r-oldrel-windows-x86_64
Version: 1.0.10
Check: package dependencies
Result: NOTE
Package suggested but not available for checking: ‘snpStats’
Flavor: r-oldrel-macos-arm64
Version: 1.0.10
Check: Rd cross-references
Result: NOTE
Package unavailable to check Rd xrefs: ‘snpStats’
Flavor: r-oldrel-macos-arm64