Last updated on 2024-05-01 16:53:13 CEST.
Flavor | Version | Tinstall | Tcheck | Ttotal | Status | Flags |
---|---|---|---|---|---|---|
r-devel-linux-x86_64-debian-clang | 1.0.9 | 106.34 | 207.29 | 313.63 | NOTE | |
r-devel-linux-x86_64-debian-gcc | 1.0.9 | 89.01 | 181.12 | 270.13 | NOTE | |
r-devel-linux-x86_64-fedora-clang | 1.0.9 | 451.60 | NOTE | |||
r-devel-linux-x86_64-fedora-gcc | 1.0.9 | 479.53 | NOTE | |||
r-devel-windows-x86_64 | 1.0.9 | 88.00 | 212.00 | 300.00 | NOTE | |
r-patched-linux-x86_64 | 1.0.9 | 119.43 | 236.34 | 355.77 | NOTE | |
r-release-linux-x86_64 | 1.0.9 | 118.08 | 241.95 | 360.03 | NOTE | |
r-release-macos-arm64 | 1.0.9 | 114.00 | NOTE | |||
r-release-windows-x86_64 | 1.0.9 | 90.00 | 193.00 | 283.00 | NOTE | |
r-oldrel-macos-arm64 | 1.0.9 | 139.00 | NOTE | |||
r-oldrel-macos-x86_64 | 1.0.9 | 247.00 | NOTE | |||
r-oldrel-windows-x86_64 | 1.0.9 | 112.00 | 239.00 | 351.00 | NOTE |
Version: 1.0.9
Check: C++ specification
Result: NOTE
Specified C++11: please drop specification unless essential
Flavors: r-devel-linux-x86_64-debian-clang, r-devel-linux-x86_64-debian-gcc, r-devel-linux-x86_64-fedora-clang, r-devel-linux-x86_64-fedora-gcc, r-devel-windows-x86_64, r-patched-linux-x86_64, r-release-linux-x86_64, r-release-macos-arm64, r-release-windows-x86_64, r-oldrel-macos-arm64, r-oldrel-macos-x86_64, r-oldrel-windows-x86_64
Version: 1.0.9
Check: installed package size
Result: NOTE
installed size is 5.1Mb
sub-directories of 1Mb or more:
data 2.8Mb
libs 1.3Mb
Flavors: r-devel-windows-x86_64, r-release-macos-arm64, r-release-windows-x86_64, r-oldrel-macos-arm64, r-oldrel-macos-x86_64, r-oldrel-windows-x86_64
Version: 1.0.9
Check: package dependencies
Result: NOTE
Package suggested but not available for checking: ‘snpStats’
Flavor: r-oldrel-macos-arm64
Version: 1.0.9
Check: Rd cross-references
Result: NOTE
Package unavailable to check Rd xrefs: ‘snpStats’
Flavor: r-oldrel-macos-arm64