Last updated on 2025-01-19 05:49:22 CET.
Flavor | Version | Tinstall | Tcheck | Ttotal | Status | Flags |
---|---|---|---|---|---|---|
r-devel-linux-x86_64-debian-clang | 1.0.7 | 13.83 | 382.86 | 396.69 | OK | |
r-devel-linux-x86_64-debian-gcc | 1.0.7 | 10.34 | 264.51 | 274.85 | OK | |
r-devel-linux-x86_64-fedora-clang | 1.0.7 | 678.15 | OK | |||
r-devel-linux-x86_64-fedora-gcc | 1.0.7 | 681.18 | OK | |||
r-devel-windows-x86_64 | 1.0.7 | 16.00 | 381.00 | 397.00 | OK | |
r-patched-linux-x86_64 | 1.0.7 | 14.26 | 387.11 | 401.37 | NOTE | |
r-release-linux-x86_64 | 1.0.7 | 12.32 | 389.13 | 401.45 | NOTE | |
r-release-macos-arm64 | 1.0.7 | 153.00 | NOTE | |||
r-release-macos-x86_64 | 1.0.7 | 237.00 | NOTE | |||
r-release-windows-x86_64 | 1.0.7 | 16.00 | 373.00 | 389.00 | NOTE | |
r-oldrel-macos-arm64 | 1.0.7 | 168.00 | NOTE | |||
r-oldrel-macos-x86_64 | 1.0.7 | 273.00 | NOTE | |||
r-oldrel-windows-x86_64 | 1.0.7 | 22.00 | 484.00 | 506.00 | NOTE |
Version: 1.0.7
Check: package dependencies
Result: NOTE
Package suggested but not available for checking: ‘asreml’
Flavors: r-patched-linux-x86_64, r-release-linux-x86_64, r-release-macos-arm64, r-release-macos-x86_64, r-release-windows-x86_64, r-oldrel-macos-arm64, r-oldrel-macos-x86_64, r-oldrel-windows-x86_64
Version: 1.0.7
Check: installed package size
Result: NOTE
installed size is 5.0Mb
sub-directories of 1Mb or more:
data 3.5Mb
Flavor: r-release-macos-arm64