CRAN Package Check Results for Package statgenIBD

Last updated on 2025-01-19 05:49:22 CET.

Flavor Version Tinstall Tcheck Ttotal Status Flags
r-devel-linux-x86_64-debian-clang 1.0.7 64.02 92.34 156.36 OK
r-devel-linux-x86_64-debian-gcc 1.0.7 48.31 64.30 112.61 OK
r-devel-linux-x86_64-fedora-clang 1.0.7 307.20 NOTE
r-devel-linux-x86_64-fedora-gcc 1.0.7 303.32 NOTE
r-devel-windows-x86_64 1.0.7 78.00 135.00 213.00 OK
r-patched-linux-x86_64 1.0.7 67.35 86.33 153.68 OK
r-release-linux-x86_64 1.0.7 64.55 85.98 150.53 OK
r-release-macos-arm64 1.0.7 83.00 NOTE
r-release-macos-x86_64 1.0.7 107.00 NOTE
r-release-windows-x86_64 1.0.7 80.00 132.00 212.00 OK
r-oldrel-macos-arm64 1.0.7 81.00 NOTE
r-oldrel-macos-x86_64 1.0.7 150.00 NOTE
r-oldrel-windows-x86_64 1.0.7 85.00 164.00 249.00 OK

Check Details

Version: 1.0.7
Check: dependencies in R code
Result: NOTE Namespace in Imports field not imported from: ‘statgenGWAS’ All declared Imports should be used. Flavors: r-devel-linux-x86_64-fedora-clang, r-devel-linux-x86_64-fedora-gcc

Version: 1.0.7
Check: installed package size
Result: NOTE installed size is 7.3Mb sub-directories of 1Mb or more: extdata 2.4Mb libs 4.2Mb Flavors: r-release-macos-arm64, r-release-macos-x86_64, r-oldrel-macos-arm64, r-oldrel-macos-x86_64