CRAN Package Check Results for Package statgenQTLxT

Last updated on 2025-01-19 05:49:22 CET.

Flavor Version Tinstall Tcheck Ttotal Status Flags
r-devel-linux-x86_64-debian-clang 1.0.2 62.05 196.88 258.93 NOTE
r-devel-linux-x86_64-debian-gcc 1.0.2 46.37 137.23 183.60 NOTE
r-devel-linux-x86_64-fedora-clang 1.0.2 425.18 OK
r-devel-linux-x86_64-fedora-gcc 1.0.2 457.69 OK
r-devel-windows-x86_64 1.0.2 71.00 221.00 292.00 NOTE
r-patched-linux-x86_64 1.0.2 71.21 192.96 264.17 OK
r-release-linux-x86_64 1.0.2 66.14 194.89 261.03 OK
r-release-macos-arm64 1.0.2 166.00 NOTE
r-release-macos-x86_64 1.0.2 207.00 NOTE
r-release-windows-x86_64 1.0.2 66.00 219.00 285.00 OK
r-oldrel-macos-arm64 1.0.2 164.00 NOTE
r-oldrel-macos-x86_64 1.0.2 248.00 NOTE
r-oldrel-windows-x86_64 1.0.2 72.00 269.00 341.00 OK

Check Details

Version: 1.0.2
Check: Rd cross-references
Result: NOTE Found the following Rd file(s) with Rd \link{} targets missing package anchors: runMultiTraitGwas.Rd: GWAS Please provide package anchors for all Rd \link{} targets not in the package itself and the base packages. Flavors: r-devel-linux-x86_64-debian-clang, r-devel-linux-x86_64-debian-gcc, r-devel-windows-x86_64

Version: 1.0.2
Check: installed package size
Result: NOTE installed size is 7.4Mb sub-directories of 1Mb or more: libs 6.4Mb Flavors: r-release-macos-arm64, r-release-macos-x86_64, r-oldrel-macos-arm64, r-oldrel-macos-x86_64