Last updated on 2024-04-21 13:55:47 CEST.
Flavor | Version | Tinstall | Tcheck | Ttotal | Status | Flags |
---|---|---|---|---|---|---|
r-devel-linux-x86_64-debian-clang | 1.5.0 | 8.23 | 48.40 | 56.63 | OK | |
r-devel-linux-x86_64-debian-gcc | 1.5.0 | 5.66 | 34.89 | 40.55 | OK | |
r-devel-linux-x86_64-fedora-clang | 1.5.0 | 69.07 | OK | |||
r-devel-linux-x86_64-fedora-gcc | 1.5.0 | 65.78 | OK | |||
r-prerel-macos-arm64 | 1.5.0 | 24.00 | OK | |||
r-prerel-windows-x86_64 | 1.5.0 | 11.00 | 66.00 | 77.00 | OK | |
r-patched-linux-x86_64 | 1.5.0 | 8.83 | 43.96 | 52.79 | OK | |
r-release-linux-x86_64 | 1.5.0 | 7.36 | 45.47 | 52.83 | OK | |
r-release-macos-arm64 | 1.5.0 | 28.00 | OK | |||
r-release-macos-x86_64 | 1.5.0 | 41.00 | NOTE | |||
r-release-windows-x86_64 | 1.5.0 | 11.00 | 67.00 | 78.00 | OK | |
r-oldrel-macos-arm64 | 1.5.0 | 25.00 | OK | |||
r-oldrel-windows-x86_64 | 1.5.0 | 11.00 | 67.00 | 78.00 | OK |
Version: 1.5.0
Check: package dependencies
Result: NOTE
Package suggested but not available for checking: ‘tweedie’
Flavor: r-release-macos-x86_64
Version: 1.5.0
Check: Rd cross-references
Result: NOTE
Package unavailable to check Rd xrefs: ‘tweedie’
Flavor: r-release-macos-x86_64