Last updated on 2025-01-19 05:49:22 CET.
Flavor | Version | Tinstall | Tcheck | Ttotal | Status | Flags |
---|---|---|---|---|---|---|
r-devel-linux-x86_64-debian-clang | 2019.6 | 6.75 | 425.05 | 431.80 | OK | |
r-devel-linux-x86_64-debian-gcc | 2019.6 | 5.38 | 245.32 | 250.70 | OK | |
r-devel-linux-x86_64-fedora-clang | 2019.6 | 694.49 | OK | |||
r-devel-linux-x86_64-fedora-gcc | 2019.6 | 936.01 | OK | |||
r-devel-windows-x86_64 | 2019.6 | 61.00 | 213.00 | 274.00 | NOTE | |
r-patched-linux-x86_64 | 2019.6 | 5.42 | 410.48 | 415.90 | NOTE | |
r-release-linux-x86_64 | 2019.6 | 7.05 | 387.18 | 394.23 | NOTE | |
r-release-macos-arm64 | 2019.6 | 85.00 | NOTE | |||
r-release-macos-x86_64 | 2019.6 | 177.00 | NOTE | |||
r-release-windows-x86_64 | 2019.6 | 78.00 | 217.00 | 295.00 | NOTE | |
r-oldrel-macos-arm64 | 2019.6 | 101.00 | NOTE | |||
r-oldrel-macos-x86_64 | 2019.6 | 176.00 | NOTE | |||
r-oldrel-windows-x86_64 | 2019.6 | 52.00 | 247.00 | 299.00 | NOTE |
Version: 2019.6
Check: whether startup messages can be suppressed
Result: NOTE
unable to reach CRAN
It looks like this package (or a package it requires) has a startup
message which cannot be suppressed: see ?packageStartupMessage.
Flavors: r-devel-windows-x86_64, r-release-macos-arm64, r-release-macos-x86_64, r-release-windows-x86_64
Version: 2019.6
Check: package dependencies
Result: NOTE
Package suggested but not available for checking: ‘networksis’
Flavors: r-patched-linux-x86_64, r-release-linux-x86_64, r-release-macos-arm64, r-release-macos-x86_64, r-release-windows-x86_64, r-oldrel-macos-arm64, r-oldrel-macos-x86_64, r-oldrel-windows-x86_64
Version: 2019.6
Check: startup messages can be suppressed
Result: NOTE
unable to reach CRAN
It looks like this package (or a package it requires) has a startup
message which cannot be suppressed: see ?packageStartupMessage.
Flavors: r-oldrel-macos-arm64, r-oldrel-macos-x86_64, r-oldrel-windows-x86_64