Last updated on 2025-01-19 05:49:22 CET.
Flavor | Version | Tinstall | Tcheck | Ttotal | Status | Flags |
---|---|---|---|---|---|---|
r-devel-linux-x86_64-debian-clang | 0.1.4 | 5.17 | 42.14 | 47.31 | OK | |
r-devel-linux-x86_64-debian-gcc | 0.1.4 | 4.13 | 30.61 | 34.74 | OK | |
r-devel-linux-x86_64-fedora-clang | 0.1.4 | 76.89 | NOTE | |||
r-devel-linux-x86_64-fedora-gcc | 0.1.4 | 70.97 | NOTE | |||
r-devel-windows-x86_64 | 0.1.4 | 6.00 | 58.00 | 64.00 | OK | |
r-patched-linux-x86_64 | 0.1.4 | 5.40 | 39.11 | 44.51 | OK | |
r-release-linux-x86_64 | 0.1.4 | 5.24 | 38.72 | 43.96 | OK | |
r-release-macos-arm64 | 0.1.4 | 27.00 | OK | |||
r-release-macos-x86_64 | 0.1.4 | 36.00 | OK | |||
r-release-windows-x86_64 | 0.1.4 | 8.00 | 61.00 | 69.00 | OK | |
r-oldrel-macos-arm64 | 0.1.4 | 24.00 | OK | |||
r-oldrel-macos-x86_64 | 0.1.4 | 37.00 | OK | |||
r-oldrel-windows-x86_64 | 0.1.4 | 6.00 | 67.00 | 73.00 | OK |
Version: 0.1.4
Check: dependencies in R code
Result: NOTE
Namespace in Imports field not imported from: ‘tibble’
All declared Imports should be used.
Flavors: r-devel-linux-x86_64-fedora-clang, r-devel-linux-x86_64-fedora-gcc