CRAN Package Check Results for Package stochLAB

Last updated on 2025-01-19 05:49:22 CET.

Flavor Version Tinstall Tcheck Ttotal Status Flags
r-devel-linux-x86_64-debian-clang 1.1.2 13.44 122.94 136.38 OK
r-devel-linux-x86_64-debian-gcc 1.1.2 9.59 83.87 93.46 OK
r-devel-linux-x86_64-fedora-clang 1.1.2 221.39 OK
r-devel-linux-x86_64-fedora-gcc 1.1.2 219.79 OK
r-devel-windows-x86_64 1.1.2 16.00 129.00 145.00 OK
r-patched-linux-x86_64 1.1.2 13.86 113.24 127.10 OK
r-release-linux-x86_64 1.1.2 13.32 113.16 126.48 OK
r-release-macos-arm64 1.1.2 67.00 NOTE
r-release-macos-x86_64 1.1.2 107.00 NOTE
r-release-windows-x86_64 1.1.2 14.00 128.00 142.00 NOTE
r-oldrel-macos-arm64 1.1.2 68.00 NOTE
r-oldrel-macos-x86_64 1.1.2 107.00 NOTE
r-oldrel-windows-x86_64 1.1.2 18.00 165.00 183.00 NOTE

Check Details

Version: 1.1.2
Check: installed package size
Result: NOTE installed size is 7.8Mb sub-directories of 1Mb or more: data 7.3Mb Flavors: r-release-macos-arm64, r-release-macos-x86_64, r-release-windows-x86_64, r-oldrel-macos-arm64, r-oldrel-macos-x86_64, r-oldrel-windows-x86_64