CRAN Package Check Results for Package strapgod

Last updated on 2020-06-03 12:49:22 CEST.

Flavor Version Tinstall Tcheck Ttotal Status Flags
r-devel-linux-x86_64-debian-clang 0.0.4 4.78 53.51 58.29 ERROR
r-devel-linux-x86_64-debian-gcc 0.0.4 3.80 40.64 44.44 ERROR
r-devel-linux-x86_64-fedora-clang 0.0.4 85.32 ERROR
r-devel-linux-x86_64-fedora-gcc 0.0.4 69.19 ERROR
r-devel-windows-ix86+x86_64 0.0.4 25.00 98.00 123.00 ERROR
r-patched-linux-x86_64 0.0.4 4.53 52.05 56.58 ERROR
r-patched-solaris-x86 0.0.4 98.40 ERROR
r-release-linux-x86_64 0.0.4 4.94 52.65 57.59 ERROR
r-release-osx-x86_64 0.0.4 OK
r-release-windows-ix86+x86_64 0.0.4 13.00 64.00 77.00 ERROR
r-oldrel-osx-x86_64 0.0.4 OK
r-oldrel-windows-ix86+x86_64 0.0.4 10.00 57.00 67.00 OK

Check Details

Version: 0.0.4
Check: tests
Result: ERROR
     Running 'testthat.R' [7s/9s]
    Running the tests in 'tests/testthat.R' failed.
    Complete output:
     > library(testthat)
     > library(strapgod)
    
     Attaching package: 'strapgod'
    
     The following object is masked from 'package:stats':
    
     filter
    
     >
     > test_check("strapgod")
     -- 1. Failure: bind_rows() fails sadly (@test-dplyr-compat.R#341) -------------
     `bind_rows(x, iris)` did not throw an error.
    
     -- 2. Failure: bind_cols() works (@test-dplyr-compat.R#354) -------------------
     `x_bc_1` inherits from `tbl_df/tbl/data.frame` not `resampled_df`.
    
     -- 3. Failure: bind_cols() works (@test-dplyr-compat.R#366) -------------------
     nrow(collect(x_bc_1)) not equal to 300.
     1/1 mismatches
     [1] 150 - 300 == -150
    
     -- 4. Error: group_modify() (@test-dplyr-group-funs.R#43) ---------------------
     The returned data frame cannot contain the original grouping variables: .bootstrap.
     Backtrace:
     1. testthat::expect_equal(group_modify(x, ~.x), collect(x))
     5. dplyr:::group_modify.grouped_df(x, ~.x)
     7. dplyr:::group_map.data.frame(.data, fun, .keep = .keep)
     8. dplyr:::map2(chunks, group_keys, .f, ...)
     9. base::mapply(.f, .x, .y, MoreArgs = list(...), SIMPLIFY = FALSE)
    
     -- 5. Failure: group_map() (@test-dplyr-group-funs.R#66) ----------------------
     group_map(x, ~.x) not equivalent to group_split(x, keep = FALSE).
     Component 1: Length mismatch: comparison on first 5 components
     Component 1: Component 1: Mean relative difference: 4.838
     Component 1: Component 2: Mean relative difference: 0.4763047
     Component 1: Component 3: Mean relative difference: 0.6598343
     Component 1: Component 4: Mean relative difference: 0.6802202
     Component 1: Component 5: target is numeric, current is factor
     Component 2: Length mismatch: comparison on first 5 components
     Component 2: Component 1: Mean relative difference: 1.876333
     Component 2: Component 2: Mean relative difference: 0.4796616
     ...
    
     -- 6. Failure: group_walk() (@test-dplyr-group-funs.R#106) --------------------
     `res` not equal to select(ungroup(collect(x)), -.bootstrap).
     Names: 5 string mismatches
     Length mismatch: comparison on first 5 components
     Component 1: Mean relative difference: 0.9785553
     Component 2: Mean relative difference: 0.4804289
     Component 3: Mean relative difference: 0.6607931
     Component 4: Mean relative difference: 0.6776773
     Component 5: Attributes: < target is NULL, current is list >
     Component 5: target is numeric, current is factor
    
     == testthat results ===========================================================
     [ OK: 147 | SKIPPED: 0 | WARNINGS: 3 | FAILED: 6 ]
     1. Failure: bind_rows() fails sadly (@test-dplyr-compat.R#341)
     2. Failure: bind_cols() works (@test-dplyr-compat.R#354)
     3. Failure: bind_cols() works (@test-dplyr-compat.R#366)
     4. Error: group_modify() (@test-dplyr-group-funs.R#43)
     5. Failure: group_map() (@test-dplyr-group-funs.R#66)
     6. Failure: group_walk() (@test-dplyr-group-funs.R#106)
    
     Error: testthat unit tests failed
     Execution halted
Flavor: r-devel-linux-x86_64-debian-clang

Version: 0.0.4
Check: re-building of vignette outputs
Result: WARN
    Error(s) in re-building vignettes:
     ...
    --- re-building 'dplyr-support.Rmd' using rmarkdown
    
    Attaching package: 'strapgod'
    
    The following object is masked from 'package:stats':
    
     filter
    
    
    Attaching package: 'dplyr'
    
    The following objects are masked from 'package:stats':
    
     filter, lag
    
    The following objects are masked from 'package:base':
    
     intersect, setdiff, setequal, union
    
    Quitting from lines 127-137 (dplyr-support.Rmd)
    Error: processing vignette 'dplyr-support.Rmd' failed with diagnostics:
    The returned data frame cannot contain the original grouping variables: .bootstrap.
    --- failed re-building 'dplyr-support.Rmd'
    
    --- re-building 'virtual-bootstraps.Rmd' using rmarkdown
    
    Attaching package: 'strapgod'
    
    The following object is masked from 'package:stats':
    
     filter
    
    
    Attaching package: 'dplyr'
    
    The following objects are masked from 'package:stats':
    
     filter, lag
    
    The following objects are masked from 'package:base':
    
     intersect, setdiff, setequal, union
    
    --- finished re-building 'virtual-bootstraps.Rmd'
    
    SUMMARY: processing the following file failed:
     'dplyr-support.Rmd'
    
    Error: Vignette re-building failed.
    Execution halted
Flavors: r-devel-linux-x86_64-debian-clang, r-devel-linux-x86_64-debian-gcc, r-patched-linux-x86_64, r-release-linux-x86_64

Version: 0.0.4
Check: tests
Result: ERROR
     Running ‘testthat.R’ [5s/8s]
    Running the tests in ‘tests/testthat.R’ failed.
    Complete output:
     > library(testthat)
     > library(strapgod)
    
     Attaching package: 'strapgod'
    
     The following object is masked from 'package:stats':
    
     filter
    
     >
     > test_check("strapgod")
     ── 1. Failure: bind_rows() fails sadly (@test-dplyr-compat.R#341) ─────────────
     `bind_rows(x, iris)` did not throw an error.
    
     ── 2. Failure: bind_cols() works (@test-dplyr-compat.R#354) ───────────────────
     `x_bc_1` inherits from `tbl_df/tbl/data.frame` not `resampled_df`.
    
     ── 3. Failure: bind_cols() works (@test-dplyr-compat.R#366) ───────────────────
     nrow(collect(x_bc_1)) not equal to 300.
     1/1 mismatches
     [1] 150 - 300 == -150
    
     ── 4. Error: group_modify() (@test-dplyr-group-funs.R#43) ─────────────────────
     The returned data frame cannot contain the original grouping variables: .bootstrap.
     Backtrace:
     1. testthat::expect_equal(group_modify(x, ~.x), collect(x))
     5. dplyr:::group_modify.grouped_df(x, ~.x)
     7. dplyr:::group_map.data.frame(.data, fun, .keep = .keep)
     8. dplyr:::map2(chunks, group_keys, .f, ...)
     9. base::mapply(.f, .x, .y, MoreArgs = list(...), SIMPLIFY = FALSE)
    
     ── 5. Failure: group_map() (@test-dplyr-group-funs.R#66) ──────────────────────
     group_map(x, ~.x) not equivalent to group_split(x, keep = FALSE).
     Component 1: Length mismatch: comparison on first 5 components
     Component 1: Component 1: Mean relative difference: 4.887333
     Component 1: Component 2: Mean relative difference: 0.4863549
     Component 1: Component 3: Mean relative difference: 0.6757055
     Component 1: Component 4: Mean relative difference: 0.6838789
     Component 1: Component 5: target is numeric, current is factor
     Component 2: Length mismatch: comparison on first 5 components
     Component 2: Component 1: Mean relative difference: 1.883667
     Component 2: Component 2: Mean relative difference: 0.4560166
     ...
    
     ── 6. Failure: group_walk() (@test-dplyr-group-funs.R#106) ────────────────────
     `res` not equal to select(ungroup(collect(x)), -.bootstrap).
     Names: 5 string mismatches
     Length mismatch: comparison on first 5 components
     Component 1: Mean relative difference: 0.9673589
     Component 2: Mean relative difference: 0.4768384
     Component 3: Mean relative difference: 0.6559459
     Component 4: Mean relative difference: 0.6779434
     Component 5: Attributes: < target is NULL, current is list >
     Component 5: target is numeric, current is factor
    
     ══ testthat results ═══════════════════════════════════════════════════════════
     [ OK: 147 | SKIPPED: 0 | WARNINGS: 3 | FAILED: 6 ]
     1. Failure: bind_rows() fails sadly (@test-dplyr-compat.R#341)
     2. Failure: bind_cols() works (@test-dplyr-compat.R#354)
     3. Failure: bind_cols() works (@test-dplyr-compat.R#366)
     4. Error: group_modify() (@test-dplyr-group-funs.R#43)
     5. Failure: group_map() (@test-dplyr-group-funs.R#66)
     6. Failure: group_walk() (@test-dplyr-group-funs.R#106)
    
     Error: testthat unit tests failed
     Execution halted
Flavor: r-devel-linux-x86_64-debian-gcc

Version: 0.0.4
Check: tests
Result: ERROR
     Running ‘testthat.R’ [9s/23s]
    Running the tests in ‘tests/testthat.R’ failed.
    Complete output:
     > library(testthat)
     > library(strapgod)
    
     Attaching package: 'strapgod'
    
     The following object is masked from 'package:stats':
    
     filter
    
     >
     > test_check("strapgod")
     ── 1. Failure: bind_rows() fails sadly (@test-dplyr-compat.R#341) ─────────────
     `bind_rows(x, iris)` did not throw an error.
    
     ── 2. Failure: bind_cols() works (@test-dplyr-compat.R#354) ───────────────────
     `x_bc_1` inherits from `tbl_df/tbl/data.frame` not `resampled_df`.
    
     ── 3. Failure: bind_cols() works (@test-dplyr-compat.R#366) ───────────────────
     nrow(collect(x_bc_1)) not equal to 300.
     1/1 mismatches
     [1] 150 - 300 == -150
    
     ── 4. Error: group_modify() (@test-dplyr-group-funs.R#43) ─────────────────────
     The returned data frame cannot contain the original grouping variables: .bootstrap.
     Backtrace:
     1. testthat::expect_equal(group_modify(x, ~.x), collect(x))
     5. dplyr:::group_modify.grouped_df(x, ~.x)
     7. dplyr:::group_map.data.frame(.data, fun, .keep = .keep)
     8. dplyr:::map2(chunks, group_keys, .f, ...)
     9. base::mapply(.f, .x, .y, MoreArgs = list(...), SIMPLIFY = FALSE)
    
     ── 5. Failure: group_map() (@test-dplyr-group-funs.R#66) ──────────────────────
     group_map(x, ~.x) not equivalent to group_split(x, keep = FALSE).
     Component 1: Length mismatch: comparison on first 5 components
     Component 1: Component 1: Mean relative difference: 4.660667
     Component 1: Component 2: Mean relative difference: 0.460252
     Component 1: Component 3: Mean relative difference: 0.6299367
     Component 1: Component 4: Mean relative difference: 0.6830015
     Component 1: Component 5: target is numeric, current is factor
     Component 2: Length mismatch: comparison on first 5 components
     Component 2: Component 1: Mean relative difference: 1.886
     Component 2: Component 2: Mean relative difference: 0.4693925
     ...
    
     ── 6. Failure: group_walk() (@test-dplyr-group-funs.R#106) ────────────────────
     `res` not equal to select(ungroup(collect(x)), -.bootstrap).
     Names: 5 string mismatches
     Length mismatch: comparison on first 5 components
     Component 1: Mean relative difference: 0.9513959
     Component 2: Mean relative difference: 0.4686255
     Component 3: Mean relative difference: 0.643424
     Component 4: Mean relative difference: 0.6830444
     Component 5: Attributes: < target is NULL, current is list >
     Component 5: target is numeric, current is factor
    
     ══ testthat results ═══════════════════════════════════════════════════════════
     [ OK: 147 | SKIPPED: 0 | WARNINGS: 3 | FAILED: 6 ]
     1. Failure: bind_rows() fails sadly (@test-dplyr-compat.R#341)
     2. Failure: bind_cols() works (@test-dplyr-compat.R#354)
     3. Failure: bind_cols() works (@test-dplyr-compat.R#366)
     4. Error: group_modify() (@test-dplyr-group-funs.R#43)
     5. Failure: group_map() (@test-dplyr-group-funs.R#66)
     6. Failure: group_walk() (@test-dplyr-group-funs.R#106)
    
     Error: testthat unit tests failed
     Execution halted
Flavor: r-devel-linux-x86_64-fedora-clang

Version: 0.0.4
Check: re-building of vignette outputs
Result: WARN
    Error(s) in re-building vignettes:
    --- re-building ‘dplyr-support.Rmd’ using rmarkdown
    
    Attaching package: 'strapgod'
    
    The following object is masked from 'package:stats':
    
     filter
    
    
    Attaching package: 'dplyr'
    
    The following objects are masked from 'package:stats':
    
     filter, lag
    
    The following objects are masked from 'package:base':
    
     intersect, setdiff, setequal, union
    
    Quitting from lines 127-137 (dplyr-support.Rmd)
    Error: processing vignette 'dplyr-support.Rmd' failed with diagnostics:
    The returned data frame cannot contain the original grouping variables: .bootstrap.
    --- failed re-building ‘dplyr-support.Rmd’
    
    --- re-building ‘virtual-bootstraps.Rmd’ using rmarkdown
    
    Attaching package: 'strapgod'
    
    The following object is masked from 'package:stats':
    
     filter
    
    
    Attaching package: 'dplyr'
    
    The following objects are masked from 'package:stats':
    
     filter, lag
    
    The following objects are masked from 'package:base':
    
     intersect, setdiff, setequal, union
    
    --- finished re-building ‘virtual-bootstraps.Rmd’
    
    SUMMARY: processing the following file failed:
     ‘dplyr-support.Rmd’
    
    Error: Vignette re-building failed.
    Execution halted
Flavors: r-devel-linux-x86_64-fedora-clang, r-devel-linux-x86_64-fedora-gcc, r-devel-windows-ix86+x86_64, r-release-windows-ix86+x86_64

Version: 0.0.4
Check: tests
Result: ERROR
     Running ‘testthat.R’ [8s/14s]
    Running the tests in ‘tests/testthat.R’ failed.
    Complete output:
     > library(testthat)
     > library(strapgod)
    
     Attaching package: 'strapgod'
    
     The following object is masked from 'package:stats':
    
     filter
    
     >
     > test_check("strapgod")
     ── 1. Failure: bind_rows() fails sadly (@test-dplyr-compat.R#341) ─────────────
     `bind_rows(x, iris)` did not throw an error.
    
     ── 2. Failure: bind_cols() works (@test-dplyr-compat.R#354) ───────────────────
     `x_bc_1` inherits from `tbl_df/tbl/data.frame` not `resampled_df`.
    
     ── 3. Failure: bind_cols() works (@test-dplyr-compat.R#366) ───────────────────
     nrow(collect(x_bc_1)) not equal to 300.
     1/1 mismatches
     [1] 150 - 300 == -150
    
     ── 4. Error: group_modify() (@test-dplyr-group-funs.R#43) ─────────────────────
     The returned data frame cannot contain the original grouping variables: .bootstrap.
     Backtrace:
     1. testthat::expect_equal(group_modify(x, ~.x), collect(x))
     5. dplyr:::group_modify.grouped_df(x, ~.x)
     7. dplyr:::group_map.data.frame(.data, fun, .keep = .keep)
     8. dplyr:::map2(chunks, group_keys, .f, ...)
     9. base::mapply(.f, .x, .y, MoreArgs = list(...), SIMPLIFY = FALSE)
    
     ── 5. Failure: group_map() (@test-dplyr-group-funs.R#66) ──────────────────────
     group_map(x, ~.x) not equivalent to group_split(x, keep = FALSE).
     Component 1: Length mismatch: comparison on first 5 components
     Component 1: Component 1: Mean relative difference: 4.807333
     Component 1: Component 2: Mean relative difference: 0.4789347
     Component 1: Component 3: Mean relative difference: 0.673937
     Component 1: Component 4: Mean relative difference: 0.6869159
     Component 1: Component 5: target is numeric, current is factor
     Component 2: Length mismatch: comparison on first 5 components
     Component 2: Component 1: Mean relative difference: 1.862667
     Component 2: Component 2: Mean relative difference: 0.4779925
     ...
    
     ── 6. Failure: group_walk() (@test-dplyr-group-funs.R#106) ────────────────────
     `res` not equal to select(ungroup(collect(x)), -.bootstrap).
     Names: 5 string mismatches
     Length mismatch: comparison on first 5 components
     Component 1: Mean relative difference: 0.9754897
     Component 2: Mean relative difference: 0.4798803
     Component 3: Mean relative difference: 0.6626125
     Component 4: Mean relative difference: 0.6830846
     Component 5: Attributes: < target is NULL, current is list >
     Component 5: target is numeric, current is factor
    
     ══ testthat results ═══════════════════════════════════════════════════════════
     [ OK: 147 | SKIPPED: 0 | WARNINGS: 3 | FAILED: 6 ]
     1. Failure: bind_rows() fails sadly (@test-dplyr-compat.R#341)
     2. Failure: bind_cols() works (@test-dplyr-compat.R#354)
     3. Failure: bind_cols() works (@test-dplyr-compat.R#366)
     4. Error: group_modify() (@test-dplyr-group-funs.R#43)
     5. Failure: group_map() (@test-dplyr-group-funs.R#66)
     6. Failure: group_walk() (@test-dplyr-group-funs.R#106)
    
     Error: testthat unit tests failed
     Execution halted
Flavor: r-devel-linux-x86_64-fedora-gcc

Version: 0.0.4
Check: tests
Result: ERROR
     Running 'testthat.R' [8s]
    Running the tests in 'tests/testthat.R' failed.
    Complete output:
     > library(testthat)
     > library(strapgod)
    
     Attaching package: 'strapgod'
    
     The following object is masked from 'package:stats':
    
     filter
    
     >
     > test_check("strapgod")
     -- 1. Failure: bind_rows() fails sadly (@test-dplyr-compat.R#341) -------------
     `bind_rows(x, iris)` did not throw an error.
    
     -- 2. Failure: bind_cols() works (@test-dplyr-compat.R#354) -------------------
     `x_bc_1` inherits from `tbl_df/tbl/data.frame` not `resampled_df`.
    
     -- 3. Failure: bind_cols() works (@test-dplyr-compat.R#366) -------------------
     nrow(collect(x_bc_1)) not equal to 300.
     1/1 mismatches
     [1] 150 - 300 == -150
    
     -- 4. Error: group_modify() (@test-dplyr-group-funs.R#43) ---------------------
     The returned data frame cannot contain the original grouping variables: .bootstrap.
     Backtrace:
     1. testthat::expect_equal(group_modify(x, ~.x), collect(x))
     5. dplyr:::group_modify.grouped_df(x, ~.x)
     7. dplyr:::group_map.data.frame(.data, fun, .keep = .keep)
     8. dplyr:::map2(chunks, group_keys, .f, ...)
     9. base::mapply(.f, .x, .y, MoreArgs = list(...), SIMPLIFY = FALSE)
    
     -- 5. Failure: group_map() (@test-dplyr-group-funs.R#66) ----------------------
     group_map(x, ~.x) not equivalent to group_split(x, keep = FALSE).
     Component 1: Length mismatch: comparison on first 5 components
     Component 1: Component 1: Mean relative difference: 4.861333
     Component 1: Component 2: Mean relative difference: 0.4733849
     Component 1: Component 3: Mean relative difference: 0.6365011
     Component 1: Component 4: Mean relative difference: 0.6756417
     Component 1: Component 5: target is numeric, current is factor
     Component 2: Length mismatch: comparison on first 5 components
     Component 2: Component 1: Mean relative difference: 1.938
     Component 2: Component 2: Mean relative difference: 0.4779896
     ...
    
     -- 6. Failure: group_walk() (@test-dplyr-group-funs.R#106) --------------------
     `res` not equal to select(ungroup(collect(x)), -.bootstrap).
     Names: 5 string mismatches
     Length mismatch: comparison on first 5 components
     Component 1: Mean relative difference: 0.9771754
     Component 2: Mean relative difference: 0.4765997
     Component 3: Mean relative difference: 0.6635017
     Component 4: Mean relative difference: 0.6785412
     Component 5: Attributes: < target is NULL, current is list >
     Component 5: target is numeric, current is factor
    
     == testthat results ===========================================================
     [ OK: 147 | SKIPPED: 0 | WARNINGS: 3 | FAILED: 6 ]
     1. Failure: bind_rows() fails sadly (@test-dplyr-compat.R#341)
     2. Failure: bind_cols() works (@test-dplyr-compat.R#354)
     3. Failure: bind_cols() works (@test-dplyr-compat.R#366)
     4. Error: group_modify() (@test-dplyr-group-funs.R#43)
     5. Failure: group_map() (@test-dplyr-group-funs.R#66)
     6. Failure: group_walk() (@test-dplyr-group-funs.R#106)
    
     Error: testthat unit tests failed
     Execution halted
Flavor: r-devel-windows-ix86+x86_64

Version: 0.0.4
Check: tests
Result: ERROR
     Running ‘testthat.R’ [7s/8s]
    Running the tests in ‘tests/testthat.R’ failed.
    Complete output:
     > library(testthat)
     > library(strapgod)
    
     Attaching package: 'strapgod'
    
     The following object is masked from 'package:stats':
    
     filter
    
     >
     > test_check("strapgod")
     ── 1. Failure: bind_rows() fails sadly (@test-dplyr-compat.R#341) ─────────────
     `bind_rows(x, iris)` did not throw an error.
    
     ── 2. Failure: bind_cols() works (@test-dplyr-compat.R#354) ───────────────────
     `x_bc_1` inherits from `tbl_df/tbl/data.frame` not `resampled_df`.
    
     ── 3. Failure: bind_cols() works (@test-dplyr-compat.R#366) ───────────────────
     nrow(collect(x_bc_1)) not equal to 300.
     1/1 mismatches
     [1] 150 - 300 == -150
    
     ── 4. Error: group_modify() (@test-dplyr-group-funs.R#43) ─────────────────────
     The returned data frame cannot contain the original grouping variables: .bootstrap.
     Backtrace:
     1. testthat::expect_equal(group_modify(x, ~.x), collect(x))
     5. dplyr:::group_modify.grouped_df(x, ~.x)
     7. dplyr:::group_map.data.frame(.data, fun, .keep = .keep)
     8. dplyr:::map2(chunks, group_keys, .f, ...)
     9. base::mapply(.f, .x, .y, MoreArgs = list(...), SIMPLIFY = FALSE)
    
     ── 5. Failure: group_map() (@test-dplyr-group-funs.R#66) ──────────────────────
     group_map(x, ~.x) not equivalent to group_split(x, keep = FALSE).
     Component 1: Length mismatch: comparison on first 5 components
     Component 1: Component 1: Mean relative difference: 4.896667
     Component 1: Component 2: Mean relative difference: 0.4777841
     Component 1: Component 3: Mean relative difference: 0.6815328
     Component 1: Component 4: Mean relative difference: 0.6699636
     Component 1: Component 5: target is numeric, current is factor
     Component 2: Length mismatch: comparison on first 5 components
     Component 2: Component 1: Mean relative difference: 1.945667
     Component 2: Component 2: Mean relative difference: 0.4745955
     ...
    
     ── 6. Failure: group_walk() (@test-dplyr-group-funs.R#106) ────────────────────
     `res` not equal to select(ungroup(collect(x)), -.bootstrap).
     Names: 5 string mismatches
     Length mismatch: comparison on first 5 components
     Component 1: Mean relative difference: 0.9723982
     Component 2: Mean relative difference: 0.4741194
     Component 3: Mean relative difference: 0.6536791
     Component 4: Mean relative difference: 0.6845124
     Component 5: Attributes: < target is NULL, current is list >
     Component 5: target is numeric, current is factor
    
     ══ testthat results ═══════════════════════════════════════════════════════════
     [ OK: 147 | SKIPPED: 0 | WARNINGS: 3 | FAILED: 6 ]
     1. Failure: bind_rows() fails sadly (@test-dplyr-compat.R#341)
     2. Failure: bind_cols() works (@test-dplyr-compat.R#354)
     3. Failure: bind_cols() works (@test-dplyr-compat.R#366)
     4. Error: group_modify() (@test-dplyr-group-funs.R#43)
     5. Failure: group_map() (@test-dplyr-group-funs.R#66)
     6. Failure: group_walk() (@test-dplyr-group-funs.R#106)
    
     Error: testthat unit tests failed
     Execution halted
Flavor: r-patched-linux-x86_64

Version: 0.0.4
Check: tests
Result: ERROR
     Running ‘testthat.R’
    Running the tests in ‘tests/testthat.R’ failed.
    Complete output:
     > library(testthat)
     > library(strapgod)
    
     Attaching package: 'strapgod'
    
     The following object is masked from 'package:stats':
    
     filter
    
     >
     > test_check("strapgod")
     ── 1. Failure: bind_rows() fails sadly (@test-dplyr-compat.R#341) ─────────────
     `bind_rows(x, iris)` did not throw an error.
    
     ── 2. Failure: bind_cols() works (@test-dplyr-compat.R#354) ───────────────────
     `x_bc_1` inherits from `tbl_df/tbl/data.frame` not `resampled_df`.
    
     ── 3. Failure: bind_cols() works (@test-dplyr-compat.R#366) ───────────────────
     nrow(collect(x_bc_1)) not equal to 300.
     1/1 mismatches
     [1] 150 - 300 == -150
    
     ── 4. Error: group_modify() (@test-dplyr-group-funs.R#43) ─────────────────────
     The returned data frame cannot contain the original grouping variables: .bootstrap.
     Backtrace:
     1. testthat::expect_equal(group_modify(x, ~.x), collect(x))
     5. dplyr:::group_modify.grouped_df(x, ~.x)
     7. dplyr:::group_map.data.frame(.data, fun, .keep = .keep)
     8. dplyr:::map2(chunks, group_keys, .f, ...)
     9. base::mapply(.f, .x, .y, MoreArgs = list(...), SIMPLIFY = FALSE)
    
     ── 5. Failure: group_map() (@test-dplyr-group-funs.R#66) ──────────────────────
     group_map(x, ~.x) not equivalent to group_split(x, keep = FALSE).
     Component 1: Length mismatch: comparison on first 5 components
     Component 1: Component 1: Mean relative difference: 4.914667
     Component 1: Component 2: Mean relative difference: 0.4752029
     Component 1: Component 3: Mean relative difference: 0.6752577
     Component 1: Component 4: Mean relative difference: 0.6783204
     Component 1: Component 5: target is numeric, current is factor
     Component 2: Length mismatch: comparison on first 5 components
     Component 2: Component 1: Mean relative difference: 1.93
     Component 2: Component 2: Mean relative difference: 0.4798635
     ...
    
     ── 6. Failure: group_walk() (@test-dplyr-group-funs.R#106) ────────────────────
     `res` not equal to select(ungroup(collect(x)), -.bootstrap).
     Names: 5 string mismatches
     Length mismatch: comparison on first 5 components
     Component 1: Mean relative difference: 0.9672146
     Component 2: Mean relative difference: 0.4726358
     Component 3: Mean relative difference: 0.6512874
     Component 4: Mean relative difference: 0.6834543
     Component 5: Attributes: < target is NULL, current is list >
     Component 5: target is numeric, current is factor
    
     ══ testthat results ═══════════════════════════════════════════════════════════
     [ OK: 147 | SKIPPED: 0 | WARNINGS: 3 | FAILED: 6 ]
     1. Failure: bind_rows() fails sadly (@test-dplyr-compat.R#341)
     2. Failure: bind_cols() works (@test-dplyr-compat.R#354)
     3. Failure: bind_cols() works (@test-dplyr-compat.R#366)
     4. Error: group_modify() (@test-dplyr-group-funs.R#43)
     5. Failure: group_map() (@test-dplyr-group-funs.R#66)
     6. Failure: group_walk() (@test-dplyr-group-funs.R#106)
    
     Error: testthat unit tests failed
     Execution halted
Flavor: r-patched-solaris-x86

Version: 0.0.4
Check: re-building of vignette outputs
Result: WARN
    Error(s) in re-building vignettes:
     ...
    --- re-building ‘dplyr-support.Rmd’ using rmarkdown
    Warning in engine$weave(file, quiet = quiet, encoding = enc) :
     Pandoc (>= 1.12.3) and/or pandoc-citeproc not available. Falling back to R Markdown v1.
    
    Attaching package: 'strapgod'
    
    The following object is masked from 'package:stats':
    
     filter
    
    
    Attaching package: 'dplyr'
    
    The following objects are masked from 'package:stats':
    
     filter, lag
    
    The following objects are masked from 'package:base':
    
     intersect, setdiff, setequal, union
    
    Quitting from lines 127-137 (dplyr-support.Rmd)
    Error: processing vignette 'dplyr-support.Rmd' failed with diagnostics:
    The returned data frame cannot contain the original grouping variables: .bootstrap.
    --- failed re-building ‘dplyr-support.Rmd’
    
    --- re-building ‘virtual-bootstraps.Rmd’ using rmarkdown
    Warning in engine$weave(file, quiet = quiet, encoding = enc) :
     Pandoc (>= 1.12.3) and/or pandoc-citeproc not available. Falling back to R Markdown v1.
    
    Attaching package: 'strapgod'
    
    The following object is masked from 'package:stats':
    
     filter
    
    
    Attaching package: 'dplyr'
    
    The following objects are masked from 'package:stats':
    
     filter, lag
    
    The following objects are masked from 'package:base':
    
     intersect, setdiff, setequal, union
    
    --- finished re-building ‘virtual-bootstraps.Rmd’
    
    SUMMARY: processing the following file failed:
     ‘dplyr-support.Rmd’
    
    Error: Vignette re-building failed.
    Execution halted
Flavor: r-patched-solaris-x86

Version: 0.0.4
Check: tests
Result: ERROR
     Running ‘testthat.R’ [7s/8s]
    Running the tests in ‘tests/testthat.R’ failed.
    Complete output:
     > library(testthat)
     > library(strapgod)
    
     Attaching package: 'strapgod'
    
     The following object is masked from 'package:stats':
    
     filter
    
     >
     > test_check("strapgod")
     ── 1. Failure: bind_rows() fails sadly (@test-dplyr-compat.R#341) ─────────────
     `bind_rows(x, iris)` did not throw an error.
    
     ── 2. Failure: bind_cols() works (@test-dplyr-compat.R#354) ───────────────────
     `x_bc_1` inherits from `tbl_df/tbl/data.frame` not `resampled_df`.
    
     ── 3. Failure: bind_cols() works (@test-dplyr-compat.R#366) ───────────────────
     nrow(collect(x_bc_1)) not equal to 300.
     1/1 mismatches
     [1] 150 - 300 == -150
    
     ── 4. Error: group_modify() (@test-dplyr-group-funs.R#43) ─────────────────────
     The returned data frame cannot contain the original grouping variables: .bootstrap.
     Backtrace:
     1. testthat::expect_equal(group_modify(x, ~.x), collect(x))
     5. dplyr:::group_modify.grouped_df(x, ~.x)
     7. dplyr:::group_map.data.frame(.data, fun, .keep = .keep)
     8. dplyr:::map2(chunks, group_keys, .f, ...)
     9. base::mapply(.f, .x, .y, MoreArgs = list(...), SIMPLIFY = FALSE)
    
     ── 5. Failure: group_map() (@test-dplyr-group-funs.R#66) ──────────────────────
     group_map(x, ~.x) not equivalent to group_split(x, keep = FALSE).
     Component 1: Length mismatch: comparison on first 5 components
     Component 1: Component 1: Mean relative difference: 4.701333
     Component 1: Component 2: Mean relative difference: 0.4646866
     Component 1: Component 3: Mean relative difference: 0.6376147
     Component 1: Component 4: Mean relative difference: 0.6902877
     Component 1: Component 5: target is numeric, current is factor
     Component 2: Length mismatch: comparison on first 5 components
     Component 2: Component 1: Mean relative difference: 1.955333
     Component 2: Component 2: Mean relative difference: 0.4711256
     ...
    
     ── 6. Failure: group_walk() (@test-dplyr-group-funs.R#106) ────────────────────
     `res` not equal to select(ungroup(collect(x)), -.bootstrap).
     Names: 5 string mismatches
     Length mismatch: comparison on first 5 components
     Component 1: Mean relative difference: 0.9708559
     Component 2: Mean relative difference: 0.4786335
     Component 3: Mean relative difference: 0.6450866
     Component 4: Mean relative difference: 0.6828138
     Component 5: Attributes: < target is NULL, current is list >
     Component 5: target is numeric, current is factor
    
     ══ testthat results ═══════════════════════════════════════════════════════════
     [ OK: 147 | SKIPPED: 0 | WARNINGS: 3 | FAILED: 6 ]
     1. Failure: bind_rows() fails sadly (@test-dplyr-compat.R#341)
     2. Failure: bind_cols() works (@test-dplyr-compat.R#354)
     3. Failure: bind_cols() works (@test-dplyr-compat.R#366)
     4. Error: group_modify() (@test-dplyr-group-funs.R#43)
     5. Failure: group_map() (@test-dplyr-group-funs.R#66)
     6. Failure: group_walk() (@test-dplyr-group-funs.R#106)
    
     Error: testthat unit tests failed
     Execution halted
Flavor: r-release-linux-x86_64

Version: 0.0.4
Check: tests
Result: ERROR
     Running 'testthat.R' [5s]
    Running the tests in 'tests/testthat.R' failed.
    Complete output:
     > library(testthat)
     > library(strapgod)
    
     Attaching package: 'strapgod'
    
     The following object is masked from 'package:stats':
    
     filter
    
     >
     > test_check("strapgod")
     -- 1. Failure: bind_rows() fails sadly (@test-dplyr-compat.R#341) -------------
     `bind_rows(x, iris)` did not throw an error.
    
     -- 2. Failure: bind_cols() works (@test-dplyr-compat.R#354) -------------------
     `x_bc_1` inherits from `tbl_df/tbl/data.frame` not `resampled_df`.
    
     -- 3. Failure: bind_cols() works (@test-dplyr-compat.R#366) -------------------
     nrow(collect(x_bc_1)) not equal to 300.
     1/1 mismatches
     [1] 150 - 300 == -150
    
     -- 4. Error: group_modify() (@test-dplyr-group-funs.R#43) ---------------------
     The returned data frame cannot contain the original grouping variables: .bootstrap.
     Backtrace:
     1. testthat::expect_equal(group_modify(x, ~.x), collect(x))
     5. dplyr:::group_modify.grouped_df(x, ~.x)
     7. dplyr:::group_map.data.frame(.data, fun, .keep = .keep)
     8. dplyr:::map2(chunks, group_keys, .f, ...)
     9. base::mapply(.f, .x, .y, MoreArgs = list(...), SIMPLIFY = FALSE)
    
     -- 5. Failure: group_map() (@test-dplyr-group-funs.R#66) ----------------------
     group_map(x, ~.x) not equivalent to group_split(x, keep = FALSE).
     Component 1: Length mismatch: comparison on first 5 components
     Component 1: Component 1: Mean relative difference: 4.834667
     Component 1: Component 2: Mean relative difference: 0.4800046
     Component 1: Component 3: Mean relative difference: 0.6813887
     Component 1: Component 4: Mean relative difference: 0.6778896
     Component 1: Component 5: target is numeric, current is factor
     Component 2: Length mismatch: comparison on first 5 components
     Component 2: Component 1: Mean relative difference: 1.924
     Component 2: Component 2: Mean relative difference: 0.4672823
     ...
    
     -- 6. Failure: group_walk() (@test-dplyr-group-funs.R#106) --------------------
     `res` not equal to select(ungroup(collect(x)), -.bootstrap).
     Names: 5 string mismatches
     Length mismatch: comparison on first 5 components
     Component 1: Mean relative difference: 0.9810023
     Component 2: Mean relative difference: 0.4825607
     Component 3: Mean relative difference: 0.6660943
     Component 4: Mean relative difference: 0.6822705
     Component 5: Attributes: < target is NULL, current is list >
     Component 5: target is numeric, current is factor
    
     == testthat results ===========================================================
     [ OK: 147 | SKIPPED: 0 | WARNINGS: 3 | FAILED: 6 ]
     1. Failure: bind_rows() fails sadly (@test-dplyr-compat.R#341)
     2. Failure: bind_cols() works (@test-dplyr-compat.R#354)
     3. Failure: bind_cols() works (@test-dplyr-compat.R#366)
     4. Error: group_modify() (@test-dplyr-group-funs.R#43)
     5. Failure: group_map() (@test-dplyr-group-funs.R#66)
     6. Failure: group_walk() (@test-dplyr-group-funs.R#106)
    
     Error: testthat unit tests failed
     Execution halted
Flavor: r-release-windows-ix86+x86_64