Last updated on 2024-04-21 13:55:47 CEST.
Flavor | Version | Tinstall | Tcheck | Ttotal | Status | Flags |
---|---|---|---|---|---|---|
r-devel-linux-x86_64-debian-clang | 1.2 | 2.77 | 25.98 | 28.75 | NOTE | |
r-devel-linux-x86_64-debian-gcc | 1.2 | 2.14 | 19.89 | 22.03 | NOTE | |
r-devel-linux-x86_64-fedora-clang | 1.2 | 35.78 | NOTE | |||
r-devel-linux-x86_64-fedora-gcc | 1.2 | 34.01 | NOTE | |||
r-prerel-macos-arm64 | 1.2 | 18.00 | NOTE | |||
r-prerel-windows-x86_64 | 1.2 | 3.00 | 49.00 | 52.00 | NOTE | |
r-patched-linux-x86_64 | 1.2 | 2.92 | 24.50 | 27.42 | NOTE | |
r-release-linux-x86_64 | 1.2 | 2.18 | 24.54 | 26.72 | NOTE | |
r-release-macos-arm64 | 1.2 | 20.00 | NOTE | |||
r-release-macos-x86_64 | 1.2 | 24.00 | NOTE | |||
r-release-windows-x86_64 | 1.2 | 5.00 | 50.00 | 55.00 | NOTE | |
r-oldrel-macos-arm64 | 1.2 | 19.00 | NOTE | |||
r-oldrel-windows-x86_64 | 1.2 | 6.00 | 52.00 | 58.00 | NOTE |
Version: 1.2
Check: LazyData
Result: NOTE
'LazyData' is specified without a 'data' directory
Flavors: r-devel-linux-x86_64-debian-clang, r-devel-linux-x86_64-debian-gcc, r-devel-linux-x86_64-fedora-clang, r-devel-linux-x86_64-fedora-gcc, r-prerel-macos-arm64, r-prerel-windows-x86_64, r-patched-linux-x86_64, r-release-linux-x86_64, r-release-macos-arm64, r-release-macos-x86_64, r-release-windows-x86_64, r-oldrel-macos-arm64, r-oldrel-windows-x86_64