Last updated on 2024-05-01 16:53:13 CEST.
Flavor | Version | Tinstall | Tcheck | Ttotal | Status | Flags |
---|---|---|---|---|---|---|
r-devel-linux-x86_64-debian-clang | 0.0.91 | 26.43 | 26.76 | 53.19 | OK | |
r-devel-linux-x86_64-debian-gcc | 0.0.91 | 20.11 | 21.24 | 41.35 | OK | |
r-devel-linux-x86_64-fedora-clang | 0.0.91 | 73.90 | OK | |||
r-devel-linux-x86_64-fedora-gcc | 0.0.91 | 72.95 | OK | |||
r-devel-windows-x86_64 | 0.0.91 | 29.00 | 103.00 | 132.00 | NOTE | |
r-patched-linux-x86_64 | 0.0.91 | 25.19 | 25.62 | 50.81 | OK | |
r-release-linux-x86_64 | 0.0.91 | 26.09 | 26.12 | 52.21 | OK | |
r-release-macos-arm64 | 0.0.91 | 23.00 | OK | |||
r-release-windows-x86_64 | 0.0.91 | 30.00 | 99.00 | 129.00 | NOTE | |
r-oldrel-macos-arm64 | 0.0.91 | 27.00 | OK | |||
r-oldrel-macos-x86_64 | 0.0.91 | 44.00 | OK | |||
r-oldrel-windows-x86_64 | 0.0.91 | 27.00 | 112.00 | 139.00 | NOTE |
Version: 0.0.91
Check: installed package size
Result: NOTE
installed size is 5.4Mb
sub-directories of 1Mb or more:
libs 4.6Mb
Flavors: r-devel-windows-x86_64, r-release-windows-x86_64, r-oldrel-windows-x86_64