CRAN Package Check Results for Package stressr

Last updated on 2025-01-19 05:49:22 CET.

Flavor Version Tinstall Tcheck Ttotal Status Flags
r-devel-linux-x86_64-debian-clang 1.0.0 4.26 36.73 40.99 NOTE
r-devel-linux-x86_64-debian-gcc 1.0.0 2.76 27.80 30.56 NOTE
r-devel-linux-x86_64-fedora-clang 1.0.0 66.20 NOTE
r-devel-linux-x86_64-fedora-gcc 1.0.0 63.89 NOTE
r-devel-windows-x86_64 1.0.0 5.00 56.00 61.00 NOTE
r-patched-linux-x86_64 1.0.0 4.28 35.20 39.48 NOTE
r-release-linux-x86_64 1.0.0 3.76 34.91 38.67 NOTE
r-release-macos-arm64 1.0.0 23.00 NOTE
r-release-macos-x86_64 1.0.0 34.00 NOTE
r-release-windows-x86_64 1.0.0 5.00 56.00 61.00 NOTE
r-oldrel-macos-arm64 1.0.0 25.00 NOTE
r-oldrel-macos-x86_64 1.0.0 35.00 NOTE
r-oldrel-windows-x86_64 1.0.0 6.00 65.00 71.00 NOTE

Check Details

Version: 1.0.0
Check: DESCRIPTION meta-information
Result: NOTE Malformed Title field: should not end in a period. Flavors: r-devel-linux-x86_64-debian-clang, r-devel-linux-x86_64-debian-gcc, r-devel-linux-x86_64-fedora-clang, r-devel-linux-x86_64-fedora-gcc, r-devel-windows-x86_64, r-patched-linux-x86_64, r-release-linux-x86_64, r-release-macos-arm64, r-release-macos-x86_64, r-release-windows-x86_64, r-oldrel-macos-arm64, r-oldrel-macos-x86_64, r-oldrel-windows-x86_64