CRAN Package Check Results for Package string2path

Last updated on 2025-01-19 05:49:22 CET.

Flavor Version Tinstall Tcheck Ttotal Status Flags
r-devel-linux-x86_64-debian-clang 0.1.8 78.52 20.22 98.74 OK
r-devel-linux-x86_64-debian-gcc 0.1.8 62.84 16.32 79.16 OK
r-devel-linux-x86_64-fedora-clang 0.1.8 219.49 OK
r-devel-linux-x86_64-fedora-gcc 0.1.8 216.89 OK
r-devel-windows-x86_64 0.1.8 123.00 57.00 180.00 OK
r-patched-linux-x86_64 0.1.8 77.97 19.30 97.27 OK
r-release-linux-x86_64 0.1.8 78.45 19.31 97.76 OK
r-release-macos-arm64 0.1.8 66.00 NOTE
r-release-macos-x86_64 0.1.8 60.00 NOTE
r-release-windows-x86_64 0.1.8 123.00 70.00 193.00 OK
r-oldrel-macos-arm64 0.1.8 72.00 NOTE
r-oldrel-macos-x86_64 0.1.8 73.00 NOTE
r-oldrel-windows-x86_64 0.1.8 131.00 76.00 207.00 OK

Check Details

Version: 0.1.8
Check: installed package size
Result: NOTE installed size is 7.4Mb sub-directories of 1Mb or more: libs 7.3Mb Flavors: r-release-macos-arm64, r-release-macos-x86_64, r-oldrel-macos-arm64, r-oldrel-macos-x86_64