CRAN Package Check Results for Package stringformattr

Last updated on 2025-01-19 05:49:22 CET.

Flavor Version Tinstall Tcheck Ttotal Status Flags
r-devel-linux-x86_64-debian-clang 0.1.2 1.61 17.41 19.02 OK
r-devel-linux-x86_64-debian-gcc 0.1.2 1.21 14.55 15.76 OK
r-devel-linux-x86_64-fedora-clang 0.1.2 31.26 OK
r-devel-linux-x86_64-fedora-gcc 0.1.2 30.10 OK
r-devel-windows-x86_64 0.1.2 4.00 46.00 50.00 OK
r-patched-linux-x86_64 0.1.2 1.38 16.87 18.25 NOTE
r-release-linux-x86_64 0.1.2 1.58 16.89 18.47 NOTE
r-release-macos-arm64 0.1.2 16.00 NOTE
r-release-macos-x86_64 0.1.2 23.00 NOTE
r-release-windows-x86_64 0.1.2 3.00 49.00 52.00 NOTE
r-oldrel-macos-arm64 0.1.2 16.00 NOTE
r-oldrel-macos-x86_64 0.1.2 20.00 NOTE
r-oldrel-windows-x86_64 0.1.2 3.00 46.00 49.00 NOTE

Check Details

Version: 0.1.2
Check: LazyData
Result: NOTE 'LazyData' is specified without a 'data' directory Flavors: r-patched-linux-x86_64, r-release-linux-x86_64, r-release-macos-arm64, r-release-macos-x86_64, r-release-windows-x86_64, r-oldrel-macos-arm64, r-oldrel-macos-x86_64, r-oldrel-windows-x86_64