CRAN Package Check Results for Package stripless

Last updated on 2025-01-19 05:49:22 CET.

Flavor Version Tinstall Tcheck Ttotal Status Flags
r-devel-linux-x86_64-debian-clang 1.0-3 2.73 61.76 64.49 OK
r-devel-linux-x86_64-debian-gcc 1.0-3 2.09 44.91 47.00 OK
r-devel-linux-x86_64-fedora-clang 1.0-3 106.82 OK
r-devel-linux-x86_64-fedora-gcc 1.0-3 117.77 OK
r-devel-windows-x86_64 1.0-3 4.00 78.00 82.00 OK
r-patched-linux-x86_64 1.0-3 2.95 60.70 63.65 NOTE
r-release-linux-x86_64 1.0-3 2.30 61.84 64.14 NOTE
r-release-macos-arm64 1.0-3 36.00 NOTE
r-release-macos-x86_64 1.0-3 56.00 NOTE
r-release-windows-x86_64 1.0-3 4.00 85.00 89.00 NOTE
r-oldrel-macos-arm64 1.0-3 40.00 NOTE
r-oldrel-macos-x86_64 1.0-3 65.00 NOTE
r-oldrel-windows-x86_64 1.0-3 5.00 90.00 95.00 NOTE

Check Details

Version: 1.0-3
Check: LazyData
Result: NOTE 'LazyData' is specified without a 'data' directory Flavors: r-patched-linux-x86_64, r-release-linux-x86_64, r-release-macos-arm64, r-release-macos-x86_64, r-release-windows-x86_64, r-oldrel-macos-arm64, r-oldrel-macos-x86_64, r-oldrel-windows-x86_64