Last updated on 2024-04-21 13:55:47 CEST.
Flavor | Version | Tinstall | Tcheck | Ttotal | Status | Flags |
---|---|---|---|---|---|---|
r-devel-linux-x86_64-debian-clang | 1.2 | 2.56 | 25.71 | 28.27 | NOTE | |
r-devel-linux-x86_64-debian-gcc | 1.2 | 1.83 | 19.93 | 21.76 | NOTE | |
r-devel-linux-x86_64-fedora-clang | 1.2 | 36.77 | NOTE | |||
r-devel-linux-x86_64-fedora-gcc | 1.2 | 34.38 | NOTE | |||
r-prerel-macos-arm64 | 1.2 | 15.00 | NOTE | |||
r-prerel-windows-x86_64 | 1.2 | 3.00 | 41.00 | 44.00 | NOTE | |
r-patched-linux-x86_64 | 1.2 | 2.23 | 25.53 | 27.76 | NOTE | |
r-release-linux-x86_64 | 1.2 | 2.20 | 24.93 | 27.13 | OK | |
r-release-macos-arm64 | 1.2 | 18.00 | OK | |||
r-release-macos-x86_64 | 1.2 | 23.00 | OK | |||
r-release-windows-x86_64 | 1.2 | 5.00 | 44.00 | 49.00 | OK | |
r-oldrel-macos-arm64 | 1.2 | 16.00 | OK | |||
r-oldrel-windows-x86_64 | 1.2 | 17.00 | 66.00 | 83.00 | OK |
Version: 1.2
Check: Rd files
Result: NOTE
checkRd: (-1) subdetect-package.Rd:11: Lost braces in \itemize; meant \describe ?
checkRd: (-1) subdetect-package.Rd:12: Lost braces in \itemize; meant \describe ?
Flavors: r-devel-linux-x86_64-debian-clang, r-devel-linux-x86_64-debian-gcc, r-devel-linux-x86_64-fedora-clang, r-devel-linux-x86_64-fedora-gcc, r-prerel-macos-arm64, r-prerel-windows-x86_64, r-patched-linux-x86_64