CRAN Package Check Results for Package summariser

Last updated on 2025-01-19 05:49:23 CET.

Flavor Version Tinstall Tcheck Ttotal Status Flags
r-devel-linux-x86_64-debian-clang 2.3.0 1.46 19.85 21.31 OK
r-devel-linux-x86_64-debian-gcc 2.3.0 1.39 15.56 16.95 OK
r-devel-linux-x86_64-fedora-clang 2.3.0 34.54 OK
r-devel-linux-x86_64-fedora-gcc 2.3.0 33.89 OK
r-devel-windows-x86_64 2.3.0 3.00 42.00 45.00 OK
r-patched-linux-x86_64 2.3.0 1.66 18.48 20.14 NOTE
r-release-linux-x86_64 2.3.0 1.50 18.50 20.00 NOTE
r-release-macos-arm64 2.3.0 15.00 NOTE
r-release-macos-x86_64 2.3.0 22.00 NOTE
r-release-windows-x86_64 2.3.0 3.00 40.00 43.00 NOTE
r-oldrel-macos-arm64 2.3.0 18.00 NOTE
r-oldrel-macos-x86_64 2.3.0 22.00 NOTE
r-oldrel-windows-x86_64 2.3.0 4.00 44.00 48.00 NOTE

Check Details

Version: 2.3.0
Check: LazyData
Result: NOTE 'LazyData' is specified without a 'data' directory Flavors: r-patched-linux-x86_64, r-release-linux-x86_64, r-release-macos-arm64, r-release-macos-x86_64, r-release-windows-x86_64, r-oldrel-macos-arm64, r-oldrel-macos-x86_64, r-oldrel-windows-x86_64