Last updated on 2025-01-19 05:49:23 CET.
Flavor | Version | Tinstall | Tcheck | Ttotal | Status | Flags |
---|---|---|---|---|---|---|
r-devel-linux-x86_64-debian-clang | 1.2 | 12.82 | 100.20 | 113.02 | NOTE | |
r-devel-linux-x86_64-debian-gcc | 1.2 | 10.84 | 68.36 | 79.20 | NOTE | |
r-devel-linux-x86_64-fedora-clang | 1.2 | 186.43 | NOTE | |||
r-devel-linux-x86_64-fedora-gcc | 1.2 | 168.36 | NOTE | |||
r-devel-windows-x86_64 | 1.2 | 14.00 | 99.00 | 113.00 | NOTE | |
r-patched-linux-x86_64 | 1.2 | 12.16 | 89.88 | 102.04 | NOTE | |
r-release-linux-x86_64 | 1.2 | 11.28 | 89.32 | 100.60 | NOTE | |
r-release-macos-arm64 | 1.2 | 50.00 | NOTE | |||
r-release-macos-x86_64 | 1.2 | 87.00 | NOTE | |||
r-release-windows-x86_64 | 1.2 | 16.00 | 103.00 | 119.00 | NOTE | |
r-oldrel-macos-arm64 | 1.2 | 53.00 | OK | |||
r-oldrel-macos-x86_64 | 1.2 | 50.00 | OK | |||
r-oldrel-windows-x86_64 | 1.2 | 19.00 | 119.00 | 138.00 | OK |
Version: 1.2
Check: Rd files
Result: NOTE
checkRd: (-1) BiclustSet-class.Rd:19: Lost braces
19 | \item{\code{Number}:}{code{"numeric"}, number of biclusters in the set}
| ^
Flavors: r-devel-linux-x86_64-debian-clang, r-devel-linux-x86_64-debian-gcc, r-devel-linux-x86_64-fedora-clang, r-devel-linux-x86_64-fedora-gcc, r-devel-windows-x86_64, r-patched-linux-x86_64, r-release-linux-x86_64, r-release-macos-arm64, r-release-macos-x86_64, r-release-windows-x86_64