CRAN Package Check Results for Package supervisedPRIM

Last updated on 2025-01-19 05:49:23 CET.

Flavor Version Tinstall Tcheck Ttotal Status Flags
r-devel-linux-x86_64-debian-clang 2.0.0 2.05 161.55 163.60 OK
r-devel-linux-x86_64-debian-gcc 2.0.0 1.51 106.28 107.79 OK
r-devel-linux-x86_64-fedora-clang 2.0.0 272.39 OK
r-devel-linux-x86_64-fedora-gcc 2.0.0 260.63 OK
r-devel-windows-x86_64 2.0.0 3.00 174.00 177.00 OK
r-patched-linux-x86_64 2.0.0 1.84 154.19 156.03 NOTE
r-release-linux-x86_64 2.0.0 1.91 153.92 155.83 NOTE
r-release-macos-arm64 2.0.0 130.00 NOTE
r-release-macos-x86_64 2.0.0 149.00 NOTE
r-release-windows-x86_64 2.0.0 3.00 177.00 180.00 NOTE
r-oldrel-macos-arm64 2.0.0 80.00 NOTE
r-oldrel-macos-x86_64 2.0.0 145.00 NOTE
r-oldrel-windows-x86_64 2.0.0 3.00 200.00 203.00 NOTE

Check Details

Version: 2.0.0
Check: LazyData
Result: NOTE 'LazyData' is specified without a 'data' directory Flavors: r-patched-linux-x86_64, r-release-linux-x86_64, r-release-macos-arm64, r-release-macos-x86_64, r-release-windows-x86_64, r-oldrel-macos-arm64, r-oldrel-macos-x86_64, r-oldrel-windows-x86_64