Last updated on 2025-01-19 05:49:23 CET.
Flavor | Version | Tinstall | Tcheck | Ttotal | Status | Flags |
---|---|---|---|---|---|---|
r-devel-linux-x86_64-debian-clang | 0.1.2 | 52.33 | 55.72 | 108.05 | NOTE | |
r-devel-linux-x86_64-debian-gcc | 0.1.2 | 38.40 | 41.52 | 79.92 | NOTE | |
r-devel-linux-x86_64-fedora-clang | 0.1.2 | 202.44 | NOTE | |||
r-devel-linux-x86_64-fedora-gcc | 0.1.2 | 201.20 | NOTE | |||
r-devel-windows-x86_64 | 0.1.2 | 57.00 | 87.00 | 144.00 | NOTE | |
r-patched-linux-x86_64 | 0.1.2 | 53.31 | 52.56 | 105.87 | NOTE | |
r-release-linux-x86_64 | 0.1.2 | 49.92 | 51.73 | 101.65 | NOTE | |
r-release-macos-arm64 | 0.1.2 | 47.00 | NOTE | |||
r-release-macos-x86_64 | 0.1.2 | 60.00 | NOTE | |||
r-release-windows-x86_64 | 0.1.2 | 56.00 | 85.00 | 141.00 | NOTE | |
r-oldrel-macos-arm64 | 0.1.2 | 56.00 | NOTE | |||
r-oldrel-macos-x86_64 | 0.1.2 | 98.00 | NOTE | |||
r-oldrel-windows-x86_64 | 0.1.2 | 67.00 | 110.00 | 177.00 | NOTE |
Version: 0.1.2
Check: C++ specification
Result: NOTE
Specified C++11: please drop specification unless essential
Flavors: r-devel-linux-x86_64-debian-clang, r-devel-linux-x86_64-debian-gcc, r-devel-linux-x86_64-fedora-clang, r-devel-linux-x86_64-fedora-gcc, r-devel-windows-x86_64, r-patched-linux-x86_64, r-release-linux-x86_64, r-release-macos-arm64, r-release-macos-x86_64, r-release-windows-x86_64, r-oldrel-macos-arm64, r-oldrel-macos-x86_64, r-oldrel-windows-x86_64