CRAN Package Check Results for Package surrosurvROC

Last updated on 2025-01-19 05:49:23 CET.

Flavor Version Tinstall Tcheck Ttotal Status Flags
r-devel-linux-x86_64-debian-clang 0.1.0 6.26 57.98 64.24 OK
r-devel-linux-x86_64-debian-gcc 0.1.0 5.11 42.13 47.24 OK
r-devel-linux-x86_64-fedora-clang 0.1.0 103.49 OK
r-devel-linux-x86_64-fedora-gcc 0.1.0 98.42 OK
r-devel-windows-x86_64 0.1.0 9.00 68.00 77.00 OK
r-patched-linux-x86_64 0.1.0 6.50 54.02 60.52 NOTE
r-release-linux-x86_64 0.1.0 5.58 54.64 60.22 NOTE
r-release-macos-arm64 0.1.0 30.00 NOTE
r-release-macos-x86_64 0.1.0 67.00 NOTE
r-release-windows-x86_64 0.1.0 8.00 68.00 76.00 NOTE
r-oldrel-macos-arm64 0.1.0 35.00 NOTE
r-oldrel-macos-x86_64 0.1.0 54.00 NOTE
r-oldrel-windows-x86_64 0.1.0 8.00 77.00 85.00 NOTE

Check Details

Version: 0.1.0
Check: LazyData
Result: NOTE 'LazyData' is specified without a 'data' directory Flavors: r-patched-linux-x86_64, r-release-linux-x86_64, r-release-macos-arm64, r-release-macos-x86_64, r-release-windows-x86_64, r-oldrel-macos-arm64, r-oldrel-macos-x86_64, r-oldrel-windows-x86_64