Last updated on 2024-04-17 13:57:45 CEST.
Flavor | Version | Tinstall | Tcheck | Ttotal | Status | Flags |
---|---|---|---|---|---|---|
r-devel-linux-x86_64-debian-clang | 2.0.1 | 17.81 | 213.29 | 231.10 | NOTE | |
r-devel-linux-x86_64-debian-gcc | 2.0.1 | 17.10 | 155.08 | 172.18 | NOTE | |
r-devel-linux-x86_64-fedora-clang | 2.0.1 | 299.81 | NOTE | |||
r-devel-linux-x86_64-fedora-gcc | 2.0.1 | 286.83 | NOTE | |||
r-prerel-macos-arm64 | 2.0.1 | 70.00 | NOTE | |||
r-prerel-windows-x86_64 | 2.0.1 | 17.00 | 149.00 | 166.00 | NOTE | |
r-patched-linux-x86_64 | 2.0.1 | 12.97 | 201.47 | 214.44 | NOTE | |
r-release-linux-x86_64 | 2.0.1 | 12.86 | 211.99 | 224.85 | NOTE | |
r-release-macos-arm64 | 2.0.1 | 99.00 | NOTE | |||
r-release-macos-x86_64 | 2.0.1 | 152.00 | NOTE | |||
r-release-windows-x86_64 | 2.0.1 | 22.00 | 202.00 | 224.00 | NOTE | |
r-oldrel-macos-arm64 | 2.0.1 | 69.00 | NOTE | |||
r-oldrel-windows-x86_64 | 2.0.1 | 23.00 | 207.00 | 230.00 | NOTE |
Version: 2.0.1
Check: package dependencies
Result: NOTE
Packages suggested but not available for checking:
'survHEinla', 'survHEhmc', 'INLA'
Flavors: r-devel-linux-x86_64-debian-clang, r-devel-linux-x86_64-debian-gcc, r-prerel-macos-arm64, r-patched-linux-x86_64, r-release-linux-x86_64, r-release-macos-arm64, r-release-windows-x86_64, r-oldrel-macos-arm64, r-oldrel-windows-x86_64
Version: 2.0.1
Check: package dependencies
Result: NOTE
Packages suggested but not available for checking:
'survHEinla', 'survHEhmc'
Flavors: r-devel-linux-x86_64-fedora-clang, r-devel-linux-x86_64-fedora-gcc, r-prerel-windows-x86_64
Version: 2.0.1
Check: package dependencies
Result: NOTE
Packages suggested but not available for checking:
'survHEinla', 'survHEhmc', 'INLA', 'rstan'
Flavor: r-release-macos-x86_64