CRAN Package Check Results for Package survMisc

Last updated on 2018-01-16 12:47:25 CET.

Flavor Version Tinstall Tcheck Ttotal Status Flags
r-devel-linux-x86_64-debian-clang 0.5.4 3.64 141.35 144.99 OK
r-devel-linux-x86_64-debian-gcc 0.5.4 3.79 91.96 95.75 OK
r-devel-linux-x86_64-fedora-clang 0.5.4 151.81 OK
r-devel-linux-x86_64-fedora-gcc 0.5.4 146.34 OK
r-devel-windows-ix86+x86_64 0.5.4 9.00 114.00 123.00 OK
r-patched-linux-x86_64 0.5.4 4.44 122.22 126.66 OK
r-patched-solaris-x86 0.5.4 222.30 OK
r-release-linux-x86_64 0.5.4 3.69 125.61 129.30 OK
r-release-windows-ix86+x86_64 0.5.4 15.00 168.00 183.00 OK
r-release-osx-x86_64 0.5.4 WARN
r-oldrel-windows-ix86+x86_64 0.5.4 13.00 100.00 113.00 OK
r-oldrel-osx-x86_64 0.5.4 OK

Check Details

Version: 0.5.4
Check: re-building of vignette outputs
Result: WARN
    Error in re-building vignettes:
     ...
    Warning: running command 'kpsewhich framed.sty' had status 1
    Warning in test_latex_pkg("framed", system.file("misc", "framed.sty", package = "knitr")) :
     unable to find LaTeX package 'framed'; will use a copy from knitr
    Error in texi2dvi(file = file, pdf = TRUE, clean = clean, quiet = quiet, :
     Running 'texi2dvi' on 'plots.tex' failed.
    LaTeX errors:
    ! LaTeX Error: File `morefloats.sty' not found.
    
    Type X to quit or <RETURN> to proceed,
    or enter new name. (Default extension: sty)
    
    ! Emergency stop.
    <read *>
    
    l.67 \usepackage
     [section]{placeins}^^M
    ! ==> Fatal error occurred, no output PDF file produced!
    Calls: buildVignettes -> texi2pdf -> texi2dvi
    Execution halted
Flavor: r-release-osx-x86_64