CRAN Package Check Results for Package survPen

Last updated on 2020-06-02 12:48:59 CEST.

Flavor Version Tinstall Tcheck Ttotal Status Flags
r-devel-linux-x86_64-debian-clang 1.5.0 42.57 760.18 802.75 OK
r-devel-linux-x86_64-debian-gcc 1.5.0 34.92 863.11 898.03 WARN
r-devel-linux-x86_64-fedora-clang 1.5.0 1196.91 NOTE
r-devel-linux-x86_64-fedora-gcc 1.5.0 704.16 OK
r-devel-windows-ix86+x86_64 1.5.0 103.00 511.00 614.00 OK
r-patched-linux-x86_64 1.5.0 33.95 645.80 679.75 OK
r-patched-solaris-x86 1.5.0 3747.80 ERROR
r-release-linux-x86_64 1.5.0 39.03 658.83 697.86 OK
r-release-osx-x86_64 1.5.0 NOTE
r-release-windows-ix86+x86_64 1.5.0 77.00 541.00 618.00 OK
r-oldrel-osx-x86_64 1.5.0 NOTE
r-oldrel-windows-ix86+x86_64 1.5.0 90.00 514.00 604.00 OK

Check Details

Version: 1.5.0
Check: re-building of vignette outputs
Result: WARN
    Error(s) in re-building vignettes:
     ...
    --- re-building ‘survival_analysis_with_survPen.Rmd’ using rmarkdown
    Killed
Flavor: r-devel-linux-x86_64-debian-gcc

Version: 1.5.0
Check: installed package size
Result: NOTE
     installed size is 14.9Mb
     sub-directories of 1Mb or more:
     doc 1.4Mb
     libs 13.1Mb
Flavors: r-devel-linux-x86_64-fedora-clang, r-release-osx-x86_64, r-oldrel-osx-x86_64

Version: 1.5.0
Check: tests
Result: ERROR
     Running ‘testthat.R’ [30m/16m]
    Running the tests in ‘tests/testthat.R’ failed.
    Complete output:
     > library(testthat)
     > library(survPen)
     >
     > test_check("survPen")
Flavor: r-patched-solaris-x86

Version: 1.5.0
Check: re-building of vignette outputs
Result: WARN
    Error(s) in re-building vignettes:
     ...
    --- re-building ‘survival_analysis_with_survPen.Rmd’ using rmarkdown
    Warning in engine$weave(file, quiet = quiet, encoding = enc) :
     Pandoc (>= 1.12.3) and/or pandoc-citeproc not available. Falling back to R Markdown v1.
Flavor: r-patched-solaris-x86