CRAN Package Check Results for Package survRM2perm

Last updated on 2025-01-19 05:49:23 CET.

Flavor Version Tinstall Tcheck Ttotal Status Flags
r-devel-linux-x86_64-debian-clang 0.1.0 7.21 55.37 62.58 OK
r-devel-linux-x86_64-debian-gcc 0.1.0 4.81 40.28 45.09 OK
r-devel-linux-x86_64-fedora-clang 0.1.0 98.75 OK
r-devel-linux-x86_64-fedora-gcc 0.1.0 93.44 OK
r-devel-windows-x86_64 0.1.0 10.00 66.00 76.00 OK
r-patched-linux-x86_64 0.1.0 5.82 52.79 58.61 NOTE
r-release-linux-x86_64 0.1.0 6.51 52.50 59.01 NOTE
r-release-macos-arm64 0.1.0 31.00 NOTE
r-release-macos-x86_64 0.1.0 44.00 NOTE
r-release-windows-x86_64 0.1.0 8.00 66.00 74.00 NOTE
r-oldrel-macos-arm64 0.1.0 33.00 NOTE
r-oldrel-macos-x86_64 0.1.0 50.00 NOTE
r-oldrel-windows-x86_64 0.1.0 9.00 71.00 80.00 NOTE

Check Details

Version: 0.1.0
Check: LazyData
Result: NOTE 'LazyData' is specified without a 'data' directory Flavors: r-patched-linux-x86_64, r-release-linux-x86_64, r-release-macos-arm64, r-release-macos-x86_64, r-release-windows-x86_64, r-oldrel-macos-arm64, r-oldrel-macos-x86_64, r-oldrel-windows-x86_64