Last updated on 2025-01-19 05:49:23 CET.
Flavor | Version | Tinstall | Tcheck | Ttotal | Status | Flags |
---|---|---|---|---|---|---|
r-devel-linux-x86_64-debian-clang | 1.3.2 | 20.32 | 129.79 | 150.11 | NOTE | |
r-devel-linux-x86_64-debian-gcc | 1.3.2 | 12.06 | 88.61 | 100.67 | NOTE | |
r-devel-linux-x86_64-fedora-clang | 1.3.2 | 263.02 | NOTE | |||
r-devel-linux-x86_64-fedora-gcc | 1.3.2 | 235.67 | NOTE | |||
r-devel-windows-x86_64 | 1.3.2 | 22.00 | 131.00 | 153.00 | NOTE | |
r-patched-linux-x86_64 | 1.3.2 | 17.82 | 117.65 | 135.47 | NOTE | |
r-release-linux-x86_64 | 1.3.2 | 18.61 | 118.31 | 136.92 | NOTE | |
r-release-macos-arm64 | 1.3.2 | 56.00 | NOTE | |||
r-release-macos-x86_64 | 1.3.2 | 102.00 | NOTE | |||
r-release-windows-x86_64 | 1.3.2 | 21.00 | 129.00 | 150.00 | NOTE | |
r-oldrel-macos-arm64 | 1.3.2 | 69.00 | OK | |||
r-oldrel-macos-x86_64 | 1.3.2 | 111.00 | OK | |||
r-oldrel-windows-x86_64 | 1.3.2 | 28.00 | 164.00 | 192.00 | OK |
Version: 1.3.2
Check: Rd files
Result: NOTE
checkRd: (-1) tprob.Rd:138: Lost braces in \itemize; meant \describe ?
checkRd: (-1) tprob.Rd:139: Lost braces in \itemize; meant \describe ?
checkRd: (-1) tprob.Rd:140: Lost braces in \itemize; meant \describe ?
checkRd: (-1) tprob.Rd:141: Lost braces in \itemize; meant \describe ?
checkRd: (-1) tprob.Rd:142: Lost braces in \itemize; meant \describe ?
checkRd: (-1) tprob.Rd:143: Lost braces in \itemize; meant \describe ?
checkRd: (-1) tprob.Rd:144: Lost braces in \itemize; meant \describe ?
checkRd: (-1) tprob.Rd:145: Lost braces in \itemize; meant \describe ?
checkRd: (-1) tprob.Rd:146: Lost braces in \itemize; meant \describe ?
Flavors: r-devel-linux-x86_64-debian-clang, r-devel-linux-x86_64-debian-gcc, r-devel-linux-x86_64-fedora-clang, r-devel-linux-x86_64-fedora-gcc, r-devel-windows-x86_64, r-patched-linux-x86_64, r-release-linux-x86_64, r-release-macos-arm64, r-release-macos-x86_64, r-release-windows-x86_64