Last updated on 2025-01-19 05:49:23 CET.
Flavor | Version | Tinstall | Tcheck | Ttotal | Status | Flags |
---|---|---|---|---|---|---|
r-devel-linux-x86_64-debian-clang | 3.8-3 | 62.60 | 548.80 | 611.40 | OK | |
r-devel-linux-x86_64-debian-gcc | 3.8-3 | 43.87 | 391.44 | 435.31 | OK | |
r-devel-linux-x86_64-fedora-clang | 3.8-3 | 992.64 | OK | |||
r-devel-linux-x86_64-fedora-gcc | 3.8-3 | 998.21 | OK | |||
r-devel-windows-x86_64 | 3.8-3 | 91.00 | 694.00 | 785.00 | OK | |
r-patched-linux-x86_64 | 3.8-3 | 63.46 | 520.09 | 583.55 | OK | |
r-release-linux-x86_64 | 3.8-3 | 59.44 | 521.24 | 580.68 | OK | |
r-release-macos-arm64 | 3.8-3 | 287.00 | NOTE | |||
r-release-macos-x86_64 | 3.8-3 | 652.00 | NOTE | |||
r-release-windows-x86_64 | 3.8-3 | 90.00 | 631.00 | 721.00 | NOTE | |
r-oldrel-macos-arm64 | 3.8-3 | 306.00 | NOTE | |||
r-oldrel-macos-x86_64 | 3.8-3 | 661.00 | NOTE | |||
r-oldrel-windows-x86_64 | 3.8-3 | 100.00 | 650.00 | 750.00 | NOTE |
Version: 3.8-3
Check: installed package size
Result: NOTE
installed size is 11.0Mb
sub-directories of 1Mb or more:
R 2.0Mb
data 2.3Mb
doc 5.3Mb
Flavors: r-release-macos-arm64, r-release-macos-x86_64, r-release-windows-x86_64, r-oldrel-macos-arm64, r-oldrel-macos-x86_64, r-oldrel-windows-x86_64